CRAN Package Check Results for Package rgraph6

Last updated on 2025-04-29 18:50:53 CEST.

Flavor Version Tinstall Tcheck Ttotal Status Flags
r-devel-linux-x86_64-debian-clang 2.0-5 10.83 47.83 58.66 NOTE
r-devel-linux-x86_64-debian-gcc 2.0-5 8.02 36.94 44.96 NOTE
r-devel-linux-x86_64-fedora-clang 2.0-5 102.67 OK
r-devel-linux-x86_64-fedora-gcc 2.0-5 105.48 OK
r-devel-windows-x86_64 2.0-5 14.00 86.00 100.00 OK
r-patched-linux-x86_64 2.0-5 11.18 44.86 56.04 OK
r-release-linux-x86_64 2.0-5 10.80 44.81 55.61 OK
r-release-macos-arm64 2.0-5 48.00 OK
r-release-macos-x86_64 2.0-5 62.00 OK
r-release-windows-x86_64 2.0-5 13.00 92.00 105.00 OK
r-oldrel-macos-arm64 2.0-5 48.00 OK
r-oldrel-macos-x86_64 2.0-5 81.00 OK
r-oldrel-windows-x86_64 2.0-5 13.00 100.00 113.00 OK

Check Details

Version: 2.0-5
Check: DESCRIPTION meta-information
Result: NOTE Author field differs from that derived from Authors@R Author: ‘Michal Bojanowski [aut, cre] (<https://orcid.org/0000-0001-7503-852X>, Kozminski University), David Schoch [aut] (<https://orcid.org/0000-0003-2952-4812>)’ Authors@R: ‘Michal Bojanowski [aut, cre] (ORCID: <https://orcid.org/0000-0001-7503-852X>, affil: Kozminski University), David Schoch [aut] (ORCID: <https://orcid.org/0000-0003-2952-4812>)’ Flavors: r-devel-linux-x86_64-debian-clang, r-devel-linux-x86_64-debian-gcc