Last updated on 2025-05-13 06:50:46 CEST.
Flavor | Version | Tinstall | Tcheck | Ttotal | Status | Flags |
---|---|---|---|---|---|---|
r-devel-linux-x86_64-debian-clang | 0.1.0 | 4.94 | 60.55 | 65.49 | NOTE | |
r-devel-linux-x86_64-debian-gcc | 0.1.0 | 3.31 | 42.54 | 45.85 | NOTE | |
r-devel-linux-x86_64-fedora-clang | 0.1.0 | 103.85 | OK | |||
r-devel-linux-x86_64-fedora-gcc | 0.1.0 | 112.18 | OK | |||
r-devel-windows-x86_64 | 0.1.0 | 6.00 | 76.00 | 82.00 | NOTE | |
r-patched-linux-x86_64 | 0.1.0 | 5.04 | 57.89 | 62.93 | NOTE | |
r-release-linux-x86_64 | 0.1.0 | 4.63 | 58.41 | 63.04 | NOTE | |
r-release-macos-arm64 | 0.1.0 | 35.00 | OK | |||
r-release-macos-x86_64 | 0.1.0 | 62.00 | OK | |||
r-release-windows-x86_64 | 0.1.0 | 7.00 | 76.00 | 83.00 | NOTE | |
r-oldrel-macos-arm64 | 0.1.0 | 34.00 | OK | |||
r-oldrel-macos-x86_64 | 0.1.0 | 54.00 | OK | |||
r-oldrel-windows-x86_64 | 0.1.0 | 8.00 | 88.00 | 96.00 | OK |
Version: 0.1.0
Check: Rd cross-references
Result: NOTE
Found the following Rd file(s) with Rd \link{} targets missing package
anchors:
fish_draw.Rd: aes, geom_path
Please provide package anchors for all Rd \link{} targets not in the
package itself and the base packages.
Flavors: r-devel-linux-x86_64-debian-clang, r-devel-linux-x86_64-debian-gcc, r-devel-windows-x86_64, r-patched-linux-x86_64, r-release-linux-x86_64, r-release-windows-x86_64