Last updated on 2025-10-05 18:57:46 CEST.
Flavor | Version | Tinstall | Tcheck | Ttotal | Status | Flags |
---|---|---|---|---|---|---|
r-devel-linux-x86_64-debian-clang | 2.0.0 | 13.16 | 180.89 | 194.05 | OK | |
r-devel-linux-x86_64-debian-gcc | 2.0.1 | 9.17 | 128.07 | 137.24 | OK | |
r-devel-linux-x86_64-fedora-clang | 2.0.1 | 398.98 | OK | |||
r-devel-linux-x86_64-fedora-gcc | 2.0.1 | 317.98 | OK | |||
r-devel-windows-x86_64 | 2.0.0 | 17.00 | 372.00 | 389.00 | OK | |
r-patched-linux-x86_64 | 2.0.0 | 10.54 | 171.14 | 181.68 | OK | |
r-release-linux-x86_64 | 2.0.1 | 12.96 | 151.07 | 164.03 | ERROR | |
r-release-macos-arm64 | 2.0.0 | 257.00 | OK | |||
r-release-macos-x86_64 | 2.0.1 | 340.00 | OK | |||
r-release-windows-x86_64 | 2.0.0 | 17.00 | 325.00 | 342.00 | OK | |
r-oldrel-macos-arm64 | 2.0.0 | 174.00 | OK | |||
r-oldrel-macos-x86_64 | 2.0.1 | 266.00 | NOTE | |||
r-oldrel-windows-x86_64 | 2.0.1 | 22.00 | 200.00 | 222.00 | OK |
Version: 2.0.1
Check: re-building of vignette outputs
Result: ERROR
Error(s) in re-building vignettes:
...
--- re-building ‘Alcohol_Counts.Rmd’ using rmarkdown
trying URL 'https://zenodo.org/records/17162673/files/FARS.rds?download=1'
Content type 'application/octet-stream' length 87386771 bytes (83.3 MB)
====================================
downloaded 60.0 MB
Quitting from Alcohol_Counts.Rmd:46-50 [unnamed-chunk-2]
~~~~~~~~~~~~~~~~~~~~~~~~~~~~~~~~~~~~~~~~~~~~~~~~~~~~~~~~~~~~~~~~~~~~~~~~~~~~~~~~
<error/rlang_error>
Error in `counts()`:
! Input data must be of type FARS or GESCRSS. Use the results of get_fars() or get_gescrss().
---
Backtrace:
▆
1. ├─counts(myFARS, involved = "alcohol") %>% ...
2. ├─knitr::kable(., format = "html")
3. └─rfars::counts(myFARS, involved = "alcohol")
~~~~~~~~~~~~~~~~~~~~~~~~~~~~~~~~~~~~~~~~~~~~~~~~~~~~~~~~~~~~~~~~~~~~~~~~~~~~~~~~
Error: processing vignette 'Alcohol_Counts.Rmd' failed with diagnostics:
Input data must be of type FARS or GESCRSS. Use the results of get_fars() or get_gescrss().
--- failed re-building ‘Alcohol_Counts.Rmd’
--- re-building ‘Counts.Rmd’ using rmarkdown
trying URL 'https://zenodo.org/records/17162673/files/FARS.rds?download=1'
Content type 'application/octet-stream' length 87386771 bytes (83.3 MB)
==================================================
downloaded 83.3 MB
[WARNING] Deprecated: --highlight-style. Use --syntax-highlighting instead.
--- finished re-building ‘Counts.Rmd’
--- re-building ‘Crash_sequence_of_events.Rmd’ using rmarkdown
trying URL 'https://zenodo.org/records/17162674/files/GESCRSS.rds?download=1'
Content type 'application/octet-stream' length 75614749 bytes (72.1 MB)
==================================================
downloaded 72.1 MB
[WARNING] Deprecated: --highlight-style. Use --syntax-highlighting instead.
--- finished re-building ‘Crash_sequence_of_events.Rmd’
--- re-building ‘Searchable_Codebooks.Rmd’ using rmarkdown
[WARNING] Deprecated: --highlight-style. Use --syntax-highlighting instead.
--- finished re-building ‘Searchable_Codebooks.Rmd’
SUMMARY: processing the following file failed:
‘Alcohol_Counts.Rmd’
Error: Vignette re-building failed.
Execution halted
Flavor: r-release-linux-x86_64
Version: 2.0.1
Check: installed package size
Result: NOTE
installed size is 5.1Mb
sub-directories of 1Mb or more:
data 2.1Mb
help 1.9Mb
Flavor: r-oldrel-macos-x86_64