Last updated on 2025-04-29 18:50:52 CEST.
Flavor | Version | Tinstall | Tcheck | Ttotal | Status | Flags |
---|---|---|---|---|---|---|
r-devel-linux-x86_64-debian-clang | 0.3.0 | 1.47 | 18.26 | 19.73 | NOTE | |
r-devel-linux-x86_64-debian-gcc | 0.3.0 | 1.77 | 15.28 | 17.05 | NOTE | |
r-devel-linux-x86_64-fedora-clang | 0.3.0 | 32.47 | OK | |||
r-devel-linux-x86_64-fedora-gcc | 0.3.0 | 30.48 | OK | |||
r-devel-windows-x86_64 | 0.3.0 | 3.00 | 39.00 | 42.00 | OK | |
r-patched-linux-x86_64 | 0.3.0 | 2.04 | 17.66 | 19.70 | OK | |
r-release-linux-x86_64 | 0.3.0 | 2.04 | 17.61 | 19.65 | OK | |
r-release-macos-arm64 | 0.3.0 | 18.00 | OK | |||
r-release-macos-x86_64 | 0.3.0 | 29.00 | OK | |||
r-release-windows-x86_64 | 0.3.0 | 3.00 | 41.00 | 44.00 | OK | |
r-oldrel-macos-arm64 | 0.3.0 | 15.00 | NOTE | |||
r-oldrel-macos-x86_64 | 0.3.0 | 21.00 | NOTE | |||
r-oldrel-windows-x86_64 | 0.3.0 | 3.00 | 40.00 | 43.00 | NOTE |
Version: 0.3.0
Check: CRAN incoming feasibility
Result: NOTE
Maintainer: ‘Zhicheng Du<dgdzc@hotmail.com>’
No Authors@R field in DESCRIPTION.
Please add one, modifying
Authors@R: c(person(given = "Zhicheng",
family = "Du",
role = c("aut", "cre"),
email = "dgdzc@hotmail.com"),
person(given = "Yuantao",
family = "Hao",
role = "aut"))
as necessary.
Flavors: r-devel-linux-x86_64-debian-clang, r-devel-linux-x86_64-debian-gcc
Version: 0.3.0
Check: LazyData
Result: NOTE
'LazyData' is specified without a 'data' directory
Flavors: r-oldrel-macos-arm64, r-oldrel-macos-x86_64, r-oldrel-windows-x86_64