Last updated on 2025-04-28 18:50:19 CEST.
Flavor | Version | Tinstall | Tcheck | Ttotal | Status | Flags |
---|---|---|---|---|---|---|
r-devel-linux-x86_64-debian-clang | 0.1.7 | 2.74 | 28.04 | 30.78 | OK | |
r-devel-linux-x86_64-debian-gcc | 0.1.7 | 2.23 | 21.67 | 23.90 | NOTE | |
r-devel-linux-x86_64-fedora-clang | 0.1.7 | 50.24 | OK | |||
r-devel-linux-x86_64-fedora-gcc | 0.1.7 | 46.83 | OK | |||
r-devel-windows-x86_64 | 0.1.7 | 4.00 | 52.00 | 56.00 | OK | |
r-patched-linux-x86_64 | 0.1.7 | 3.14 | 27.50 | 30.64 | OK | |
r-release-linux-x86_64 | 0.1.7 | 3.13 | 27.71 | 30.84 | OK | |
r-release-macos-arm64 | 0.1.7 | 20.00 | OK | |||
r-release-macos-x86_64 | 0.1.7 | 31.00 | OK | |||
r-release-windows-x86_64 | 0.1.7 | 7.00 | 52.00 | 59.00 | OK | |
r-oldrel-macos-arm64 | 0.1.7 | 17.00 | NOTE | |||
r-oldrel-macos-x86_64 | 0.1.7 | 27.00 | NOTE | |||
r-oldrel-windows-x86_64 | 0.1.7 | 8.00 | 56.00 | 64.00 | NOTE |
Version: 0.1.7
Check: CRAN incoming feasibility
Result: NOTE
Maintainer: ‘David Hervas Marin <ddhervas@yahoo.es>’
No Authors@R field in DESCRIPTION.
Please add one, modifying
Authors@R: person(given = c("David", "Hervas"),
family = "Marin",
role = c("aut", "cre"),
email = "ddhervas@yahoo.es")
as necessary.
Flavor: r-devel-linux-x86_64-debian-gcc
Version: 0.1.7
Check: LazyData
Result: NOTE
'LazyData' is specified without a 'data' directory
Flavors: r-oldrel-macos-arm64, r-oldrel-macos-x86_64, r-oldrel-windows-x86_64