Last updated on 2025-04-29 18:50:52 CEST.
Flavor | Version | Tinstall | Tcheck | Ttotal | Status | Flags |
---|---|---|---|---|---|---|
r-devel-linux-x86_64-debian-clang | 1.1-1 | 9.98 | 85.43 | 95.41 | NOTE | |
r-devel-linux-x86_64-debian-gcc | 1.1-1 | 6.80 | 60.68 | 67.48 | OK | |
r-devel-linux-x86_64-fedora-clang | 1.1-1 | 150.73 | OK | |||
r-devel-linux-x86_64-fedora-gcc | 1.1-1 | 132.10 | OK | |||
r-devel-windows-x86_64 | 1.1-1 | 12.00 | 90.00 | 102.00 | OK | |
r-patched-linux-x86_64 | 1.1-1 | 8.87 | 80.78 | 89.65 | OK | |
r-release-linux-x86_64 | 1.1-1 | 9.87 | 80.75 | 90.62 | OK | |
r-release-macos-arm64 | 1.1-1 | 41.00 | OK | |||
r-release-macos-x86_64 | 1.1-1 | 79.00 | OK | |||
r-release-windows-x86_64 | 1.1-1 | 12.00 | 94.00 | 106.00 | OK | |
r-oldrel-macos-arm64 | 1.1-1 | 44.00 | OK | |||
r-oldrel-macos-x86_64 | 1.1-1 | 138.00 | OK | |||
r-oldrel-windows-x86_64 | 1.1-1 | 13.00 | 113.00 | 126.00 | OK |
Version: 1.1-1
Check: examples
Result: NOTE
Examples with CPU (user + system) or elapsed time > 5s
user system elapsed
rdacca.hp 6.258 0.212 7.996
Flavor: r-devel-linux-x86_64-debian-clang