Last updated on 2025-11-04 05:51:21 CET.
| Flavor | Version | Tinstall | Tcheck | Ttotal | Status | Flags | 
|---|---|---|---|---|---|---|
| r-devel-linux-x86_64-debian-clang | 1.0.0 | 1.56 | 26.76 | 28.32 | NOTE | |
| r-devel-linux-x86_64-debian-gcc | 1.0.0 | 1.30 | 21.08 | 22.38 | NOTE | |
| r-devel-linux-x86_64-fedora-clang | 1.0.0 | 42.52 | OK | |||
| r-devel-linux-x86_64-fedora-gcc | 1.0.0 | 41.14 | OK | |||
| r-devel-windows-x86_64 | 1.0.0 | 3.00 | 46.00 | 49.00 | OK | |
| r-patched-linux-x86_64 | 1.0.0 | 1.39 | 26.36 | 27.75 | OK | |
| r-release-linux-x86_64 | 1.0.0 | 1.32 | 26.44 | 27.76 | OK | |
| r-release-macos-arm64 | 1.0.0 | 1.00 | 18.00 | 19.00 | OK | |
| r-release-macos-x86_64 | 1.0.0 | 2.00 | 45.00 | 47.00 | OK | |
| r-release-windows-x86_64 | 1.0.0 | 3.00 | 46.00 | 49.00 | OK | |
| r-oldrel-macos-arm64 | 1.0.0 | 1.00 | 22.00 | 23.00 | OK | |
| r-oldrel-macos-x86_64 | 1.0.0 | 2.00 | 37.00 | 39.00 | OK | |
| r-oldrel-windows-x86_64 | 1.0.0 | 3.00 | 47.00 | 50.00 | OK | 
Version: 1.0.0
Check: DESCRIPTION meta-information
Result: NOTE
  Author field differs from that derived from Authors@R
    Author:    ‘Wacek Kusnierczyk <waku@idi.ntnu.no>’
    Authors@R: ‘Wacek Kusnierczyk [aut, cre], Dirk Eddelbuettel [ctb], Berend Hasselman [ctb]’
Flavors: r-devel-linux-x86_64-debian-clang, r-devel-linux-x86_64-debian-gcc