CRAN Package Check Results for Package ramlegacy

Last updated on 2025-04-29 06:49:52 CEST.

Flavor Version Tinstall Tcheck Ttotal Status Flags
r-devel-linux-x86_64-debian-clang 0.2.0 1.38 28.32 29.70 OK
r-devel-linux-x86_64-debian-gcc 0.2.0 1.51 23.96 25.47 NOTE
r-devel-linux-x86_64-fedora-clang 0.2.0 52.97 OK
r-devel-linux-x86_64-fedora-gcc 0.2.0 60.19 OK
r-devel-windows-x86_64 0.2.0 3.00 51.00 54.00 OK
r-patched-linux-x86_64 0.2.0 2.27 27.29 29.56 OK
r-release-linux-x86_64 0.2.0 1.88 27.65 29.53 OK
r-release-macos-arm64 0.2.0 28.00 OK
r-release-macos-x86_64 0.2.0 49.00 OK
r-release-windows-x86_64 0.2.0 4.00 54.00 58.00 OK
r-oldrel-macos-arm64 0.2.0 28.00 NOTE
r-oldrel-macos-x86_64 0.2.0 43.00 NOTE
r-oldrel-windows-x86_64 0.2.0 5.00 56.00 61.00 NOTE

Check Details

Version: 0.2.0
Check: CRAN incoming feasibility
Result: NOTE Maintainer: ‘Kshitiz Gupta <kshtzgupta1@berkeley.edu>’ Package CITATION file contains call(s) to old-style citEntry(). Please use bibentry() instead. Found the following (possibly) invalid file URIs: URI: www.ramlegacy.org From: man/ramlegacy-package.Rd URI: www.github.com/ropensci/ramlegacy From: man/ramlegacy-package.Rd URI: www.github.com/ropensci/ramlegacy/issues From: man/ramlegacy-package.Rd URI: www.ramlegacy.org From: inst/doc/ramlegacy.html Flavor: r-devel-linux-x86_64-debian-gcc

Version: 0.2.0
Check: LazyData
Result: NOTE 'LazyData' is specified without a 'data' directory Flavors: r-oldrel-macos-arm64, r-oldrel-macos-x86_64, r-oldrel-windows-x86_64