Last updated on 2025-11-03 17:50:01 CET.
| Flavor | Version | Tinstall | Tcheck | Ttotal | Status | Flags |
|---|---|---|---|---|---|---|
| r-devel-linux-x86_64-debian-clang | 1.0.0.10 | 60.44 | 46.07 | 106.51 | WARN | |
| r-devel-linux-x86_64-debian-gcc | 1.0.0.10 | 37.99 | 35.74 | 73.73 | WARN | |
| r-devel-linux-x86_64-fedora-clang | 1.0.0.10 | 143.00 | 59.83 | 202.83 | NOTE | |
| r-devel-linux-x86_64-fedora-gcc | 1.0.0.10 | 115.00 | 60.96 | 175.96 | NOTE | |
| r-devel-windows-x86_64 | 1.0.0.10 | 78.00 | 82.00 | 160.00 | NOTE | |
| r-patched-linux-x86_64 | 1.0.0.10 | 60.52 | 43.52 | 104.04 | NOTE | |
| r-release-linux-x86_64 | 1.0.0.10 | 59.92 | 43.45 | 103.37 | NOTE | |
| r-release-macos-arm64 | 1.0.0.10 | 23.00 | 24.00 | 47.00 | NOTE | |
| r-release-macos-x86_64 | 1.0.0.10 | 25.00 | 42.00 | 67.00 | NOTE | |
| r-release-windows-x86_64 | 1.0.0.10 | 75.00 | 80.00 | 155.00 | NOTE | |
| r-oldrel-macos-arm64 | 1.0.0.10 | 25.00 | 24.00 | 49.00 | NOTE | |
| r-oldrel-macos-x86_64 | 1.0.0.10 | 34.00 | 43.00 | 77.00 | NOTE | |
| r-oldrel-windows-x86_64 | 1.0.0.10 | 88.00 | 99.00 | 187.00 | NOTE |
Version: 1.0.0.10
Check: CRAN incoming feasibility
Result: NOTE
Maintainer: ‘Anatoly Sorokin <lptolik@gmail.com>’
Package CITATION file contains call(s) to old-style personList() or
as.personList(). Please use c() on person objects instead.
Package CITATION file contains call(s) to old-style citEntry(). Please
use bibentry() instead.
Flavors: r-devel-linux-x86_64-debian-clang, r-devel-linux-x86_64-debian-gcc
Version: 1.0.0.10
Check: whether package can be installed
Result: WARN
Found the following significant warnings:
/home/hornik/tmp/R.check/r-devel-clang/Work/build/Packages/RcppArmadillo/include/RcppArmadillo/version/arma.h:66:17: warning: Using fallback compilation with Armadillo 14.6.3. Please consider defining -DARMA_USE_CURRENT and also removing C++11 compilation directive. See GitHub issue #475 for more. [-W#pragma-messages]
See ‘/home/hornik/tmp/R.check/r-devel-clang/Work/PKGS/rSpectral.Rcheck/00install.out’ for details.
* used C++ compiler: ‘Debian clang version 19.1.7 (7)’
Flavor: r-devel-linux-x86_64-debian-clang
Version: 1.0.0.10
Check: C++ specification
Result: NOTE
Specified C++11: please drop specification unless essential
Flavors: r-devel-linux-x86_64-debian-clang, r-devel-linux-x86_64-debian-gcc, r-devel-linux-x86_64-fedora-clang, r-devel-linux-x86_64-fedora-gcc, r-devel-windows-x86_64, r-patched-linux-x86_64, r-release-linux-x86_64, r-release-macos-arm64, r-release-macos-x86_64, r-release-windows-x86_64, r-oldrel-macos-arm64, r-oldrel-macos-x86_64, r-oldrel-windows-x86_64
Version: 1.0.0.10
Check: Rd cross-references
Result: NOTE
Found the following Rd file(s) with Rd \link{} targets missing package
anchors:
rSpectral.Rd: igraph
spectral_igraph_communities.Rd: igraph
Please provide package anchors for all Rd \link{} targets not in the
package itself and the base packages.
Flavors: r-devel-linux-x86_64-debian-clang, r-devel-linux-x86_64-debian-gcc, r-devel-windows-x86_64, r-patched-linux-x86_64, r-release-linux-x86_64, r-release-windows-x86_64
Version: 1.0.0.10
Check: whether package can be installed
Result: WARN
Found the following significant warnings:
/home/hornik/tmp/R.check/r-devel-gcc/Work/build/Packages/RcppArmadillo/include/RcppArmadillo/version/arma.h:66:199: note: ‘#pragma message: Using fallback compilation with Armadillo 14.6.3. Please consider defining -DARMA_USE_CURRENT and also removing C++11 compilation directive. See GitHub issue #475 for more.’
See ‘/home/hornik/tmp/R.check/r-devel-gcc/Work/PKGS/rSpectral.Rcheck/00install.out’ for details.
* used C++ compiler: ‘g++-15 (Debian 15.2.0-7) 15.2.0’
Flavor: r-devel-linux-x86_64-debian-gcc