CRAN Package Check Results for Package rPraat

Last updated on 2025-10-09 18:49:58 CEST.

Flavor Version Tinstall Tcheck Ttotal Status Flags
r-devel-linux-x86_64-debian-clang 1.3.2-1 14.74 92.58 107.32 NOTE
r-devel-linux-x86_64-debian-gcc 1.3.2-1 9.91 60.83 70.74 NOTE
r-devel-linux-x86_64-fedora-clang 1.3.2-1 166.56 NOTE
r-devel-linux-x86_64-fedora-gcc 1.3.2-1 153.01 NOTE
r-devel-windows-x86_64 1.3.2-1 23.00 127.00 150.00 NOTE
r-patched-linux-x86_64 1.3.2-1 19.22 86.78 106.00 NOTE
r-release-linux-x86_64 1.3.2-1 16.66 86.65 103.31 NOTE
r-release-macos-arm64 1.3.2-1 44.00 NOTE
r-release-macos-x86_64 1.3.2-1 91.00 NOTE
r-release-windows-x86_64 1.3.2-1 17.00 128.00 145.00 NOTE
r-oldrel-macos-arm64 1.3.2-1 46.00 NOTE
r-oldrel-macos-x86_64 1.3.2-1 69.00 NOTE
r-oldrel-windows-x86_64 1.3.2-1 23.00 153.00 176.00 NOTE

Check Details

Version: 1.3.2-1
Check: CRAN incoming feasibility
Result: NOTE Maintainer: ‘Tomas Boril <borilt@gmail.com>’ Package CITATION file contains call(s) to old-style personList() or as.personList(). Please use c() on person objects instead. Package CITATION file contains call(s) to old-style citEntry(). Please use bibentry() instead. Flavors: r-devel-linux-x86_64-debian-clang, r-devel-linux-x86_64-debian-gcc

Version: 1.3.2-1
Check: Rd files
Result: NOTE checkRd: (-1) as.tg.Rd:18: Lost braces; missing escapes or markup? 18 | Renames the \code{class(tg)["name"]} attribute and sets {class(tg)["type"] <- "TextGrid"} (if it is not already set) | ^ Flavors: r-devel-linux-x86_64-debian-clang, r-devel-linux-x86_64-debian-gcc, r-devel-linux-x86_64-fedora-clang, r-devel-linux-x86_64-fedora-gcc, r-devel-windows-x86_64, r-patched-linux-x86_64, r-release-linux-x86_64, r-release-macos-arm64, r-release-macos-x86_64, r-release-windows-x86_64, r-oldrel-macos-arm64, r-oldrel-macos-x86_64, r-oldrel-windows-x86_64

Version: 1.3.2-1
Check: LazyData
Result: NOTE 'LazyData' is specified without a 'data' directory Flavors: r-oldrel-macos-arm64, r-oldrel-macos-x86_64, r-oldrel-windows-x86_64