Last updated on 2025-11-04 05:51:21 CET.
| Flavor | Version | Tinstall | Tcheck | Ttotal | Status | Flags | 
|---|---|---|---|---|---|---|
| r-devel-linux-x86_64-debian-clang | 7.2.1-3 | 55.09 | 112.45 | 167.54 | OK | |
| r-devel-linux-x86_64-debian-gcc | 7.2.1-3 | 35.74 | 69.71 | 105.45 | OK | |
| r-devel-linux-x86_64-fedora-clang | 7.2.1-3 | 84.00 | 213.48 | 297.48 | OK | |
| r-devel-linux-x86_64-fedora-gcc | 7.2.1-3 | 89.00 | 180.25 | 269.25 | OK | |
| r-devel-windows-x86_64 | 7.2.1-3 | 74.00 | 169.00 | 243.00 | OK | |
| r-patched-linux-x86_64 | 7.2.1-3 | 55.99 | 104.53 | 160.52 | OK | |
| r-release-linux-x86_64 | 7.2.1-3 | 55.83 | 107.02 | 162.85 | OK | |
| r-release-macos-arm64 | 7.2.1-3 | 21.00 | 65.00 | 86.00 | OK | |
| r-release-macos-x86_64 | 7.2.1-3 | 45.00 | 265.00 | 310.00 | OK | |
| r-release-windows-x86_64 | 7.2.1-3 | 66.00 | 154.00 | 220.00 | OK | |
| r-oldrel-macos-arm64 | 7.2.1-3 | 22.00 | 66.00 | 88.00 | NOTE | |
| r-oldrel-macos-x86_64 | 7.2.1-3 | 38.00 | 170.00 | 208.00 | NOTE | |
| r-oldrel-windows-x86_64 | 7.2.1-3 | 84.00 | 197.00 | 281.00 | OK | 
Version: 7.2.1-3
Check: installed package size
Result: NOTE
    installed size is  5.8Mb
    sub-directories of 1Mb or more:
      libs   4.8Mb
Flavors: r-oldrel-macos-arm64, r-oldrel-macos-x86_64