CRAN Package Check Results for Package quantdr

Last updated on 2025-04-29 18:50:51 CEST.

Flavor Version Tinstall Tcheck Ttotal Status Flags
r-devel-linux-x86_64-debian-clang 1.2.2 2.20 55.41 57.61 NOTE
r-devel-linux-x86_64-debian-gcc 1.2.2 1.63 39.86 41.49 NOTE
r-devel-linux-x86_64-fedora-clang 1.2.2 96.58 NOTE
r-devel-linux-x86_64-fedora-gcc 1.2.2 103.82 NOTE
r-devel-windows-x86_64 1.2.2 4.00 71.00 75.00 NOTE
r-patched-linux-x86_64 1.2.2 2.31 51.74 54.05 NOTE
r-release-linux-x86_64 1.2.2 2.15 53.41 55.56 NOTE
r-release-macos-arm64 1.2.2 44.00 NOTE
r-release-macos-x86_64 1.2.2 67.00 NOTE
r-release-windows-x86_64 1.2.2 4.00 70.00 74.00 NOTE
r-oldrel-macos-arm64 1.2.2 30.00 NOTE
r-oldrel-macos-x86_64 1.2.2 49.00 NOTE
r-oldrel-windows-x86_64 1.2.2 4.00 84.00 88.00 NOTE

Check Details

Version: 1.2.2
Check: Rd files
Result: NOTE checkRd: (-1) cqs.Rd:30-31: Lost braces in \itemize; \value handles \item{}{} directly checkRd: (-1) cqs.Rd:33-35: Lost braces in \itemize; \value handles \item{}{} directly checkRd: (-1) cqs.Rd:37-45: Lost braces in \itemize; \value handles \item{}{} directly checkRd: (-1) llqr.Rd:35-36: Lost braces in \itemize; \value handles \item{}{} directly checkRd: (-1) llqr.Rd:38-41: Lost braces in \itemize; \value handles \item{}{} directly Flavors: r-devel-linux-x86_64-debian-clang, r-devel-linux-x86_64-debian-gcc, r-devel-linux-x86_64-fedora-clang, r-devel-linux-x86_64-fedora-gcc, r-devel-windows-x86_64, r-patched-linux-x86_64, r-release-linux-x86_64, r-release-macos-arm64, r-release-macos-x86_64, r-release-windows-x86_64, r-oldrel-macos-arm64, r-oldrel-macos-x86_64, r-oldrel-windows-x86_64

Version: 1.2.2
Check: examples
Result: NOTE Examples with CPU (user + system) or elapsed time > 5s user system elapsed ValAR 4.362 0.209 5.015 Flavor: r-devel-linux-x86_64-debian-clang