Last updated on 2025-04-29 18:50:51 CEST.
Flavor | Version | Tinstall | Tcheck | Ttotal | Status | Flags |
---|---|---|---|---|---|---|
r-devel-linux-x86_64-debian-clang | 0.1.1 | 2.85 | 69.53 | 72.38 | NOTE | |
r-devel-linux-x86_64-debian-gcc | 0.1.1 | 2.01 | 46.73 | 48.74 | NOTE | |
r-devel-linux-x86_64-fedora-clang | 0.1.1 | 120.76 | OK | |||
r-devel-linux-x86_64-fedora-gcc | 0.1.1 | 112.83 | OK | |||
r-devel-windows-x86_64 | 0.1.1 | 4.00 | 92.00 | 96.00 | OK | |
r-patched-linux-x86_64 | 0.1.1 | 2.69 | 65.69 | 68.38 | OK | |
r-release-linux-x86_64 | 0.1.1 | 2.42 | 66.89 | 69.31 | OK | |
r-release-macos-arm64 | 0.1.1 | 37.00 | OK | |||
r-release-macos-x86_64 | 0.1.1 | 81.00 | OK | |||
r-release-windows-x86_64 | 0.1.1 | 4.00 | 93.00 | 97.00 | OK | |
r-oldrel-macos-arm64 | 0.1.1 | 36.00 | OK | |||
r-oldrel-macos-x86_64 | 0.1.1 | 80.00 | OK | |||
r-oldrel-windows-x86_64 | 0.1.1 | 5.00 | 109.00 | 114.00 | OK |
Version: 0.1.1
Check: examples
Result: NOTE
Examples with CPU (user + system) or elapsed time > 5s
user system elapsed
CPCAT.bMDD 9.090 0.104 11.468
Dunnett.GLM.bMDD 4.426 0.039 5.211
Flavor: r-devel-linux-x86_64-debian-clang
Version: 0.1.1
Check: examples
Result: NOTE
Examples with CPU (user + system) or elapsed time > 5s
user system elapsed
CPCAT.bMDD 5.113 0.008 5.797
Flavor: r-devel-linux-x86_64-debian-gcc