CRAN Package Check Results for Package pwrAB

Last updated on 2025-04-29 18:50:51 CEST.

Flavor Version Tinstall Tcheck Ttotal Status Flags
r-devel-linux-x86_64-debian-clang 0.1.0 1.93 22.17 24.10 OK
r-devel-linux-x86_64-debian-gcc 0.1.0 1.42 16.98 18.40 OK
r-devel-linux-x86_64-fedora-clang 0.1.0 37.65 OK
r-devel-linux-x86_64-fedora-gcc 0.1.0 35.10 OK
r-devel-windows-x86_64 0.1.0 3.00 43.00 46.00 OK
r-patched-linux-x86_64 0.1.0 1.84 21.18 23.02 OK
r-release-linux-x86_64 0.1.0 1.77 21.22 22.99 OK
r-release-macos-arm64 0.1.0 17.00 OK
r-release-macos-x86_64 0.1.0 31.00 OK
r-release-windows-x86_64 0.1.0 3.00 47.00 50.00 OK
r-oldrel-macos-arm64 0.1.0 17.00 NOTE
r-oldrel-macos-x86_64 0.1.0 24.00 NOTE
r-oldrel-windows-x86_64 0.1.0 3.00 44.00 47.00 NOTE

Check Details

Version: 0.1.0
Check: LazyData
Result: NOTE 'LazyData' is specified without a 'data' directory Flavors: r-oldrel-macos-arm64, r-oldrel-macos-x86_64, r-oldrel-windows-x86_64