Last updated on 2025-11-04 05:51:21 CET.
| Flavor | Version | Tinstall | Tcheck | Ttotal | Status | Flags | 
|---|---|---|---|---|---|---|
| r-devel-linux-x86_64-debian-clang | 0.5.1 | 6.72 | 69.06 | 75.78 | NOTE | |
| r-devel-linux-x86_64-debian-gcc | 0.5.1 | 4.15 | 47.74 | 51.89 | NOTE | |
| r-devel-linux-x86_64-fedora-clang | 0.5.1 | 14.00 | 101.61 | 115.61 | NOTE | |
| r-devel-linux-x86_64-fedora-gcc | 0.5.1 | 13.00 | 99.72 | 112.72 | NOTE | |
| r-devel-windows-x86_64 | 0.5.1 | 8.00 | 85.00 | 93.00 | NOTE | |
| r-patched-linux-x86_64 | 0.5.1 | 6.83 | 66.09 | 72.92 | NOTE | |
| r-release-linux-x86_64 | 0.5.1 | 5.63 | 65.29 | 70.92 | NOTE | |
| r-release-macos-arm64 | 0.5.1 | 3.00 | 29.00 | 32.00 | NOTE | |
| r-release-macos-x86_64 | 0.5.1 | 5.00 | 72.00 | 77.00 | NOTE | |
| r-release-windows-x86_64 | 0.5.1 | 8.00 | 87.00 | 95.00 | NOTE | |
| r-oldrel-macos-arm64 | 0.5.1 | 3.00 | 30.00 | 33.00 | NOTE | |
| r-oldrel-macos-x86_64 | 0.5.1 | 5.00 | 61.00 | 66.00 | NOTE | |
| r-oldrel-windows-x86_64 | 0.5.1 | 10.00 | 107.00 | 117.00 | NOTE | 
Version: 0.5.1
Check: Rd files
Result: NOTE
  checkRd: (-1) pvlrt.Rd:42: Lost braces; missing escapes or markup?
      42 | \item{no_zi_idx}{List of pairs {(i, j)} where zero inflation is not allowed. To
         |                                ^
  checkRd: (-1) r_contin_table_zip.Rd:35: Lost braces; missing escapes or markup?
      35 | \item{no_zi_idx}{List of pairs {(i, j)} where zero inflation is not allowed. To
         |                                ^
Flavors: r-devel-linux-x86_64-debian-clang, r-devel-linux-x86_64-debian-gcc, r-devel-linux-x86_64-fedora-clang, r-devel-linux-x86_64-fedora-gcc, r-devel-windows-x86_64, r-patched-linux-x86_64, r-release-linux-x86_64, r-release-macos-arm64, r-release-macos-x86_64, r-release-windows-x86_64, r-oldrel-macos-arm64, r-oldrel-macos-x86_64, r-oldrel-windows-x86_64