CRAN Package Check Results for Package ptmixed

Last updated on 2025-04-29 18:50:51 CEST.

Flavor Version Tinstall Tcheck Ttotal Status Flags
r-devel-linux-x86_64-debian-clang 1.1.3 3.80 279.76 283.56 NOTE
r-devel-linux-x86_64-debian-gcc 1.1.3 2.50 139.75 142.25 NOTE
r-devel-linux-x86_64-fedora-clang 1.1.3 473.62 OK
r-devel-linux-x86_64-fedora-gcc 1.1.3 444.94 OK
r-devel-windows-x86_64 1.1.3 5.00 234.00 239.00 OK
r-patched-linux-x86_64 1.1.3 4.06 267.11 271.17 OK
r-release-linux-x86_64 1.1.3 3.21 264.75 267.96 OK
r-release-macos-arm64 1.1.3 119.00 OK
r-release-macos-x86_64 1.1.3 302.00 OK
r-release-windows-x86_64 1.1.3 5.00 237.00 242.00 OK
r-oldrel-macos-arm64 1.1.3 98.00 OK
r-oldrel-macos-x86_64 1.1.3 202.00 OK
r-oldrel-windows-x86_64 1.1.3 6.00 368.00 374.00 OK

Check Details

Version: 1.1.3
Check: CRAN incoming feasibility
Result: NOTE Maintainer: ‘Mirko Signorelli <msignorelli.rpackages@gmail.com>’ Package CITATION file contains call(s) to old-style personList() or as.personList(). Please use c() on person objects instead. Package CITATION file contains call(s) to old-style citEntry(). Please use bibentry() instead. Flavors: r-devel-linux-x86_64-debian-clang, r-devel-linux-x86_64-debian-gcc

Version: 1.1.3
Check: examples
Result: NOTE Examples with CPU (user + system) or elapsed time > 5s user system elapsed ptmixed 5.021 0.040 5.896 nbmixed 4.597 0.014 6.282 nbglm 3.704 0.132 5.304 Flavor: r-devel-linux-x86_64-debian-clang