Last updated on 2025-04-29 06:49:51 CEST.
Flavor | Version | Tinstall | Tcheck | Ttotal | Status | Flags |
---|---|---|---|---|---|---|
r-devel-linux-x86_64-debian-clang | 1.1.0 | 6.65 | 55.56 | 62.21 | OK | |
r-devel-linux-x86_64-debian-gcc | 1.1.0 | 4.66 | 42.86 | 47.52 | NOTE | |
r-devel-linux-x86_64-fedora-clang | 1.1.0 | 99.15 | OK | |||
r-devel-linux-x86_64-fedora-gcc | 1.1.0 | 93.05 | OK | |||
r-devel-windows-x86_64 | 1.1.0 | 7.00 | 68.00 | 75.00 | OK | |
r-patched-linux-x86_64 | 1.1.0 | 5.16 | 54.12 | 59.28 | OK | |
r-release-linux-x86_64 | 1.1.0 | 6.06 | 53.56 | 59.62 | OK | |
r-release-macos-arm64 | 1.1.0 | 37.00 | OK | |||
r-release-macos-x86_64 | 1.1.0 | 57.00 | OK | |||
r-release-windows-x86_64 | 1.1.0 | 8.00 | 73.00 | 81.00 | OK | |
r-oldrel-macos-arm64 | 1.1.0 | 30.00 | OK | |||
r-oldrel-macos-x86_64 | 1.1.0 | 45.00 | OK | |||
r-oldrel-windows-x86_64 | 1.1.0 | 10.00 | 78.00 | 88.00 | OK |
Version: 1.1.0
Check: CRAN incoming feasibility
Result: NOTE
Maintainer: ‘Gustavo Soutinho <gustavosoutinho@sapo.pt>’
No Authors@R field in DESCRIPTION.
Please add one, modifying
Authors@R: c(person(given = "Gustavo",
family = "Soutinho",
role = c("aut", "cre"),
email = "gustavosoutinho@sapo.pt"),
person(given = "Luis",
family = "Meira-Machado",
role = "aut"),
person(given = "Pedro",
family = "Oliveira",
role = "aut"))
as necessary.
Flavor: r-devel-linux-x86_64-debian-gcc