CRAN Package Check Results for Package pref

Last updated on 2025-04-29 18:50:51 CEST.

Flavor Version Tinstall Tcheck Ttotal Status Flags
r-devel-linux-x86_64-debian-clang 0.4.0 3.36 36.39 39.75 NOTE
r-devel-linux-x86_64-debian-gcc 0.4.0 2.79 26.35 29.14 NOTE
r-devel-linux-x86_64-fedora-clang 0.4.0 62.49 OK
r-devel-linux-x86_64-fedora-gcc 0.4.0 58.63 OK
r-devel-windows-x86_64 0.4.0 4.00 58.00 62.00 OK
r-patched-linux-x86_64 0.4.0 3.24 33.90 37.14 OK
r-release-linux-x86_64 0.4.0 3.11 33.93 37.04 OK
r-release-macos-arm64 0.4.0 21.00 OK
r-release-macos-x86_64 0.4.0 48.00 OK
r-release-windows-x86_64 0.4.0 4.00 61.00 65.00 OK
r-oldrel-macos-arm64 0.4.0 20.00 OK
r-oldrel-macos-x86_64 0.4.0 28.00 OK
r-oldrel-windows-x86_64 0.4.0 4.00 56.00 60.00 OK

Check Details

Version: 0.4.0
Check: CRAN incoming feasibility
Result: NOTE Maintainer: ‘Denis Mollison <denis.mollison@gmail.com>’ The Description field contains (2023) <arXiv:2303.15310>, (see also the package manual Please refer to arXiv e-prints via their arXiv DOI <doi:10.48550/arXiv.YYMM.NNNNN>. Flavors: r-devel-linux-x86_64-debian-clang, r-devel-linux-x86_64-debian-gcc

Version: 0.4.0
Check: examples
Result: NOTE Examples with CPU (user + system) or elapsed time > 5s user system elapsed stv 5.456 0.006 7.363 stv.plots 5.061 0.047 6.912 Flavor: r-devel-linux-x86_64-debian-clang