Last updated on 2025-11-04 05:51:20 CET.
| Flavor | Version | Tinstall | Tcheck | Ttotal | Status | Flags | 
|---|---|---|---|---|---|---|
| r-devel-linux-x86_64-debian-clang | 1.3 | 14.36 | 27.01 | 41.37 | NOTE | |
| r-devel-linux-x86_64-debian-gcc | 1.3 | 10.88 | 21.63 | 32.51 | NOTE | |
| r-devel-linux-x86_64-fedora-clang | 1.3 | 47.00 | 26.46 | 73.46 | NOTE | |
| r-devel-linux-x86_64-fedora-gcc | 1.3 | 35.00 | 31.21 | 66.21 | NOTE | |
| r-devel-windows-x86_64 | 1.3 | 17.00 | 57.00 | 74.00 | OK | |
| r-patched-linux-x86_64 | 1.3 | 14.62 | 25.74 | 40.36 | OK | |
| r-release-linux-x86_64 | 1.3 | 14.70 | 25.65 | 40.35 | OK | |
| r-release-macos-arm64 | 1.3 | 6.00 | 17.00 | 23.00 | OK | |
| r-release-macos-x86_64 | 1.3 | 11.00 | 27.00 | 38.00 | OK | |
| r-release-windows-x86_64 | 1.3 | 16.00 | 57.00 | 73.00 | OK | |
| r-oldrel-macos-arm64 | 1.3 | 8.00 | 16.00 | 24.00 | OK | |
| r-oldrel-macos-x86_64 | 1.3 | 10.00 | 29.00 | 39.00 | OK | |
| r-oldrel-windows-x86_64 | 1.3 | 16.00 | 74.00 | 90.00 | OK | 
Version: 1.3
Check: CRAN incoming feasibility
Result: NOTE
  Maintainer: ‘Chong Wu <wuxx0845@umn.edu>’
  
  No Authors@R field in DESCRIPTION.
  Please add one, modifying
    Authors@R: c(person(given = "Chong",
                        family = "Wu",
                        role = c("aut", "cre"),
                        email = "wuxx0845@umn.edu"),
                 person(given = "Wei",
                        family = "Pan",
                        role = "aut"))
  as necessary.
Flavors: r-devel-linux-x86_64-debian-clang, r-devel-linux-x86_64-debian-gcc
Version: 1.3
Check: compiled code
Result: NOTE
  File ‘prclust/libs/prclust.so’:
    Found no calls to: ‘R_registerRoutines’, ‘R_useDynamicSymbols’
  
  It is good practice to register native routines and to disable symbol
  search.
  
  See ‘Writing portable packages’ in the ‘Writing R Extensions’ manual.
Flavors: r-devel-linux-x86_64-fedora-clang, r-devel-linux-x86_64-fedora-gcc