Last updated on 2025-10-30 17:50:08 CET.
| Flavor | Version | Tinstall | Tcheck | Ttotal | Status | Flags | 
|---|---|---|---|---|---|---|
| r-devel-linux-x86_64-debian-clang | 0.2.1 | 4.49 | 315.66 | 320.15 | NOTE | |
| r-devel-linux-x86_64-debian-gcc | 0.2.1 | 3.73 | 187.30 | 191.03 | NOTE | |
| r-devel-linux-x86_64-fedora-clang | 0.2.1 | 11.00 | 496.97 | 507.97 | NOTE | |
| r-devel-linux-x86_64-fedora-gcc | 0.2.1 | 10.00 | 565.99 | 575.99 | NOTE | |
| r-devel-windows-x86_64 | 0.2.1 | 7.00 | 219.00 | 226.00 | NOTE | |
| r-patched-linux-x86_64 | 0.2.1 | 5.15 | 289.62 | 294.77 | NOTE | |
| r-release-linux-x86_64 | 0.2.1 | 5.24 | 289.33 | 294.57 | NOTE | |
| r-release-macos-arm64 | 0.2.1 | 2.00 | 90.00 | 92.00 | NOTE | |
| r-release-macos-x86_64 | 0.2.1 | 4.00 | 237.00 | 241.00 | NOTE | |
| r-release-windows-x86_64 | 0.2.1 | 7.00 | 219.00 | 226.00 | NOTE | |
| r-oldrel-macos-arm64 | 0.2.1 | 3.00 | 115.00 | 118.00 | OK | |
| r-oldrel-macos-x86_64 | 0.2.1 | 4.00 | 227.00 | 231.00 | OK | |
| r-oldrel-windows-x86_64 | 0.2.1 | 9.00 | 424.00 | 433.00 | OK | 
Version: 0.2.1
Check: DESCRIPTION meta-information
Result: NOTE
    Missing dependency on R >= 4.1.0 because package code uses the pipe
    |> or function shorthand \(...) syntax added in R 4.1.0.
    File(s) using such syntax:
      ‘save.R’
Flavors: r-devel-linux-x86_64-debian-clang, r-devel-linux-x86_64-debian-gcc, r-devel-linux-x86_64-fedora-clang, r-devel-linux-x86_64-fedora-gcc, r-devel-windows-x86_64, r-patched-linux-x86_64, r-release-linux-x86_64, r-release-macos-arm64, r-release-macos-x86_64, r-release-windows-x86_64