Last updated on 2025-04-29 18:50:50 CEST.
Flavor | Version | Tinstall | Tcheck | Ttotal | Status | Flags |
---|---|---|---|---|---|---|
r-devel-linux-x86_64-debian-clang | 0.1.3 | 5.23 | 41.68 | 46.91 | NOTE | |
r-devel-linux-x86_64-debian-gcc | 0.1.3 | 3.65 | 29.85 | 33.50 | NOTE | |
r-devel-linux-x86_64-fedora-clang | 0.1.3 | 72.40 | OK | |||
r-devel-linux-x86_64-fedora-gcc | 0.1.3 | 70.69 | OK | |||
r-devel-windows-x86_64 | 0.1.3 | 6.00 | 66.00 | 72.00 | OK | |
r-patched-linux-x86_64 | 0.1.3 | 6.45 | 39.16 | 45.61 | OK | |
r-release-linux-x86_64 | 0.1.3 | 5.06 | 39.10 | 44.16 | OK | |
r-release-macos-arm64 | 0.1.3 | 27.00 | OK | |||
r-release-macos-x86_64 | 0.1.3 | 42.00 | OK | |||
r-release-windows-x86_64 | 0.1.3 | 6.00 | 75.00 | 81.00 | OK | |
r-oldrel-macos-arm64 | 0.1.3 | 23.00 | OK | |||
r-oldrel-macos-x86_64 | 0.1.3 | 37.00 | OK | |||
r-oldrel-windows-x86_64 | 0.1.3 | 6.00 | 73.00 | 79.00 | OK |
Version: 0.1.3
Check: CRAN incoming feasibility
Result: NOTE
Maintainer: ‘Kyun-Seop Bae <k@acr.kr>’
No Authors@R field in DESCRIPTION.
Please add one, modifying
Authors@R: c(person(given = "Kyun-Seop",
family = "Bae",
role = c("aut", "cre"),
email = "k@acr.kr"),
person(given = c("Jee", "Eun"),
family = "Lee",
role = "aut"))
as necessary.
Flavors: r-devel-linux-x86_64-debian-clang, r-devel-linux-x86_64-debian-gcc