Last updated on 2025-11-04 05:51:19 CET.
| Flavor | Version | Tinstall | Tcheck | Ttotal | Status | Flags | 
|---|---|---|---|---|---|---|
| r-devel-linux-x86_64-debian-clang | 0.9-1 | 5.57 | 57.66 | 63.23 | NOTE | |
| r-devel-linux-x86_64-debian-gcc | 0.9-1 | 3.89 | 43.83 | 47.72 | NOTE | |
| r-devel-linux-x86_64-fedora-clang | 0.9-1 | 13.00 | 82.94 | 95.94 | OK | |
| r-devel-linux-x86_64-fedora-gcc | 0.9-1 | 13.00 | 79.11 | 92.11 | OK | |
| r-devel-windows-x86_64 | 0.9-1 | 8.00 | 72.00 | 80.00 | OK | |
| r-patched-linux-x86_64 | 0.9-1 | 6.34 | 55.64 | 61.98 | OK | |
| r-release-linux-x86_64 | 0.9-1 | 5.92 | 55.59 | 61.51 | OK | |
| r-release-macos-arm64 | 0.9-1 | 5.00 | 39.00 | 44.00 | OK | |
| r-release-macos-x86_64 | 0.9-1 | 9.00 | 68.00 | 77.00 | OK | |
| r-release-windows-x86_64 | 0.9-1 | 7.00 | 72.00 | 79.00 | OK | |
| r-oldrel-macos-arm64 | 0.9-1 | 3.00 | 29.00 | 32.00 | OK | |
| r-oldrel-macos-x86_64 | 0.9-1 | 4.00 | 41.00 | 45.00 | OK | |
| r-oldrel-windows-x86_64 | 0.9-1 | 9.00 | 87.00 | 96.00 | OK | 
Version: 0.9-1
Check: CRAN incoming feasibility
Result: NOTE
  Maintainer: ‘Heidi Seibold <heidi@seibold.co>’
  
  The Description field contains
    found in Seibold, Hothorn, Zeileis (2016) <arXiv:1612.07498>. The
  Please refer to arXiv e-prints via their arXiv DOI <doi:10.48550/arXiv.YYMM.NNNNN>.
Flavors: r-devel-linux-x86_64-debian-clang, r-devel-linux-x86_64-debian-gcc