CRAN Package Check Results for Package oshka

Last updated on 2025-04-29 18:50:50 CEST.

Flavor Version Tinstall Tcheck Ttotal Status Flags
r-devel-linux-x86_64-debian-clang 0.1.2 1.50 31.10 32.60 NOTE
r-devel-linux-x86_64-debian-gcc 0.1.2 1.40 25.54 26.94 NOTE
r-devel-linux-x86_64-fedora-clang 0.1.2 51.62 OK
r-devel-linux-x86_64-fedora-gcc 0.1.2 62.51 OK
r-devel-windows-x86_64 0.1.2 2.00 51.00 53.00 OK
r-patched-linux-x86_64 0.1.2 1.77 28.47 30.24 OK
r-release-linux-x86_64 0.1.2 1.51 28.40 29.91 OK
r-release-macos-arm64 0.1.2 27.00 OK
r-release-macos-x86_64 0.1.2 46.00 OK
r-release-windows-x86_64 0.1.2 2.00 54.00 56.00 OK
r-oldrel-macos-arm64 0.1.2 24.00 NOTE
r-oldrel-macos-x86_64 0.1.2 35.00 NOTE
r-oldrel-windows-x86_64 0.1.2 3.00 55.00 58.00 NOTE

Check Details

Version: 0.1.2
Check: CRAN incoming feasibility
Result: NOTE Maintainer: ‘Brodie Gaslam <brodie.gaslam@yahoo.com>’ Found the following (possibly) invalid file URI: URI: ./Introduction.html From: inst/doc/nse-fun.html Flavors: r-devel-linux-x86_64-debian-clang, r-devel-linux-x86_64-debian-gcc

Version: 0.1.2
Check: LazyData
Result: NOTE 'LazyData' is specified without a 'data' directory Flavors: r-oldrel-macos-arm64, r-oldrel-macos-x86_64, r-oldrel-windows-x86_64