Last updated on 2025-04-29 18:50:49 CEST.
Flavor | Version | Tinstall | Tcheck | Ttotal | Status | Flags |
---|---|---|---|---|---|---|
r-devel-linux-x86_64-debian-clang | 1.1.1 | 7.73 | 70.74 | 78.47 | NOTE | |
r-devel-linux-x86_64-debian-gcc | 1.1.1 | 5.58 | 52.09 | 57.67 | OK | |
r-devel-linux-x86_64-fedora-clang | 1.1.1 | 123.59 | OK | |||
r-devel-linux-x86_64-fedora-gcc | 1.1.1 | 114.94 | OK | |||
r-devel-windows-x86_64 | 1.1.1 | 9.00 | 79.00 | 88.00 | OK | |
r-patched-linux-x86_64 | 1.1.1 | 6.70 | 67.97 | 74.67 | OK | |
r-release-linux-x86_64 | 1.1.1 | 7.47 | 67.97 | 75.44 | OK | |
r-release-macos-arm64 | 1.1.1 | 38.00 | OK | |||
r-release-macos-x86_64 | 1.1.1 | 71.00 | OK | |||
r-release-windows-x86_64 | 1.1.1 | 8.00 | 82.00 | 90.00 | OK | |
r-oldrel-macos-arm64 | 1.1.1 | 36.00 | OK | |||
r-oldrel-macos-x86_64 | 1.1.1 | 54.00 | OK | |||
r-oldrel-windows-x86_64 | 1.1.1 | 10.00 | 99.00 | 109.00 | OK |
Version: 1.1.1
Check: examples
Result: NOTE
Examples with CPU (user + system) or elapsed time > 5s
user system elapsed
experimental_results 5.55 0.003 7.02
Flavor: r-devel-linux-x86_64-debian-clang