Last updated on 2025-11-03 05:50:49 CET.
| Flavor | Version | Tinstall | Tcheck | Ttotal | Status | Flags |
|---|---|---|---|---|---|---|
| r-devel-linux-x86_64-debian-clang | 0.7.0 | 24.15 | 187.78 | 211.93 | NOTE | |
| r-devel-linux-x86_64-debian-gcc | 0.7.0 | 16.29 | 126.53 | 142.82 | NOTE | |
| r-devel-linux-x86_64-fedora-clang | 0.7.0 | 50.00 | 278.83 | 328.83 | NOTE | |
| r-devel-linux-x86_64-fedora-gcc | 0.7.0 | 129.00 | 199.07 | 328.07 | NOTE | |
| r-devel-windows-x86_64 | 0.7.0 | 27.00 | 238.00 | 265.00 | OK | |
| r-patched-linux-x86_64 | 0.7.0 | 26.75 | 176.76 | 203.51 | OK | |
| r-release-linux-x86_64 | 0.7.0 | 25.39 | 176.31 | 201.70 | OK | |
| r-release-macos-arm64 | 0.7.0 | 11.00 | 87.00 | 98.00 | OK | |
| r-release-macos-x86_64 | 0.7.0 | 21.00 | 157.00 | 178.00 | OK | |
| r-release-windows-x86_64 | 0.7.0 | 28.00 | 236.00 | 264.00 | OK | |
| r-oldrel-macos-arm64 | 0.7.0 | 10.00 | 82.00 | 92.00 | OK | |
| r-oldrel-macos-x86_64 | 0.7.0 | 22.00 | 165.00 | 187.00 | OK | |
| r-oldrel-windows-x86_64 | 0.7.0 | 38.00 | 304.00 | 342.00 | OK |
Version: 0.7.0
Check: Rd files
Result: NOTE
checkRd: (-1) body_add.Rd:169: height/width attributes should be in pixels
checkRd: (-1) body_end_block_section.Rd:23: height/width attributes should be in pixels
checkRd: (-1) body_set_default_section.Rd:21: height/width attributes should be in pixels
checkRd: (-1) ph_with.Rd:178: height/width attributes should be in pixels
checkRd: (-1) prop_section.Rd:63: height/width attributes should be in pixels
checkRd: (-1) read_docx.Rd:70: height/width attributes should be in pixels
checkRd: (-1) read_docx.Rd:72: height/width attributes should be in pixels
Flavors: r-devel-linux-x86_64-debian-clang, r-devel-linux-x86_64-debian-gcc, r-devel-linux-x86_64-fedora-clang, r-devel-linux-x86_64-fedora-gcc