Last updated on 2025-04-29 18:50:49 CEST.
Flavor | Version | Tinstall | Tcheck | Ttotal | Status | Flags |
---|---|---|---|---|---|---|
r-devel-linux-x86_64-debian-clang | 1.8-3 | 205.27 | 603.01 | 808.28 | OK | |
r-devel-linux-x86_64-debian-gcc | 1.8-3 | 134.91 | 385.40 | 520.31 | OK | |
r-devel-linux-x86_64-fedora-clang | 1.8-3 | 1369.36 | OK | |||
r-devel-linux-x86_64-fedora-gcc | 1.8-3 | 1298.81 | OK | |||
r-devel-windows-x86_64 | 1.8-3 | 223.00 | 772.00 | 995.00 | OK | |
r-patched-linux-x86_64 | 1.8-3 | 234.79 | 568.90 | 803.69 | OK | |
r-release-linux-x86_64 | 1.8-3 | 196.45 | 564.00 | 760.45 | OK | |
r-release-macos-arm64 | 1.8-3 | 340.00 | OK | |||
r-release-macos-x86_64 | 1.8-3 | 739.00 | OK | |||
r-release-windows-x86_64 | 1.8-3 | 234.00 | 788.00 | 1022.00 | OK | |
r-oldrel-macos-arm64 | 1.8-3 | 327.00 | NOTE | |||
r-oldrel-macos-x86_64 | 1.8-3 | 878.00 | NOTE | |||
r-oldrel-windows-x86_64 | 1.8-3 | 262.00 | 914.00 | 1176.00 | NOTE |
Version: 1.8-3
Check: installed package size
Result: NOTE
installed size is 16.1Mb
sub-directories of 1Mb or more:
R 3.1Mb
data 1.0Mb
doc 1.7Mb
help 3.8Mb
libs 5.9Mb
Flavors: r-oldrel-macos-arm64, r-oldrel-macos-x86_64, r-oldrel-windows-x86_64