CRAN Package Check Results for Package numform

Last updated on 2025-04-29 18:50:49 CEST.

Flavor Version Tinstall Tcheck Ttotal Status Flags
r-devel-linux-x86_64-debian-clang 0.7.0 4.39 34.63 39.02 NOTE
r-devel-linux-x86_64-debian-gcc 0.7.0 2.89 26.05 28.94 NOTE
r-devel-linux-x86_64-fedora-clang 0.7.0 59.75 OK
r-devel-linux-x86_64-fedora-gcc 0.7.0 58.19 OK
r-devel-windows-x86_64 0.7.0 5.00 62.00 67.00 OK
r-patched-linux-x86_64 0.7.0 5.91 32.51 38.42 OK
r-release-linux-x86_64 0.7.0 4.11 32.37 36.48 OK
r-release-macos-arm64 0.7.0 22.00 OK
r-release-macos-x86_64 0.7.0 40.00 OK
r-release-windows-x86_64 0.7.0 6.00 72.00 78.00 OK
r-oldrel-macos-arm64 0.7.0 26.00 OK
r-oldrel-macos-x86_64 0.7.0 31.00 OK
r-oldrel-windows-x86_64 0.7.0 8.00 69.00 77.00 OK

Check Details

Version: 0.7.0
Check: CRAN incoming feasibility
Result: NOTE Maintainer: ‘Tyler Rinker <tyler.rinker@gmail.com>’ Package CITATION file contains call(s) to old-style citEntry(). Please use bibentry() instead. Flavors: r-devel-linux-x86_64-debian-clang, r-devel-linux-x86_64-debian-gcc