Last updated on 2025-04-29 18:50:49 CEST.
Flavor | Version | Tinstall | Tcheck | Ttotal | Status | Flags |
---|---|---|---|---|---|---|
r-devel-linux-x86_64-debian-clang | 1.1.1 | 7.23 | 38.48 | 45.71 | NOTE | |
r-devel-linux-x86_64-debian-gcc | 1.1.1 | 4.03 | 28.16 | 32.19 | OK | |
r-devel-linux-x86_64-fedora-clang | 1.1.1 | 68.54 | OK | |||
r-devel-linux-x86_64-fedora-gcc | 1.1.1 | 66.10 | OK | |||
r-devel-windows-x86_64 | 1.1.1 | 7.00 | 62.00 | 69.00 | OK | |
r-patched-linux-x86_64 | 1.1.1 | 7.47 | 35.02 | 42.49 | OK | |
r-release-linux-x86_64 | 1.1.1 | 6.74 | 35.22 | 41.96 | OK | |
r-release-macos-arm64 | 1.1.1 | 26.00 | OK | |||
r-release-macos-x86_64 | 1.1.1 | 42.00 | OK | |||
r-release-windows-x86_64 | 1.1.1 | 7.00 | 63.00 | 70.00 | OK | |
r-oldrel-macos-arm64 | 1.1.1 | 23.00 | OK | |||
r-oldrel-macos-x86_64 | 1.1.1 | 33.00 | OK | |||
r-oldrel-windows-x86_64 | 1.1.1 | 10.00 | 66.00 | 76.00 | OK |
Version: 1.1.1
Check: examples
Result: NOTE
Examples with CPU (user + system) or elapsed time > 5s
user system elapsed
cross_validate_concentration 4.619 0.132 5.189
Flavor: r-devel-linux-x86_64-debian-clang