Last updated on 2025-04-29 06:49:49 CEST.
Flavor | Version | Tinstall | Tcheck | Ttotal | Status | Flags |
---|---|---|---|---|---|---|
r-devel-linux-x86_64-debian-clang | 1.2.0.0 | 2.33 | 26.52 | 28.85 | OK | |
r-devel-linux-x86_64-debian-gcc | 1.2.0.0 | 1.60 | 21.17 | 22.77 | NOTE | |
r-devel-linux-x86_64-fedora-clang | 1.2.0.0 | 46.46 | OK | |||
r-devel-linux-x86_64-fedora-gcc | 1.2.0.0 | 44.07 | OK | |||
r-devel-windows-x86_64 | 1.2.0.0 | 4.00 | 49.00 | 53.00 | OK | |
r-patched-linux-x86_64 | 1.2.0.0 | 2.40 | 25.95 | 28.35 | OK | |
r-release-linux-x86_64 | 1.2.0.0 | 2.20 | 25.99 | 28.19 | OK | |
r-release-macos-arm64 | 1.2.0.0 | 18.00 | OK | |||
r-release-macos-x86_64 | 1.2.0.0 | 31.00 | OK | |||
r-release-windows-x86_64 | 1.2.0.0 | 4.00 | 49.00 | 53.00 | OK | |
r-oldrel-macos-arm64 | 1.2.0.0 | 19.00 | NOTE | |||
r-oldrel-macos-x86_64 | 1.2.0.0 | 24.00 | NOTE | |||
r-oldrel-windows-x86_64 | 1.2.0.0 | 5.00 | 53.00 | 58.00 | NOTE |
Version: 1.2.0.0
Check: CRAN incoming feasibility
Result: NOTE
Maintainer: ‘Jing Zhang<zj391120@163.com>’
No Authors@R field in DESCRIPTION.
Please add one, modifying
Authors@R: c(person(given = "Jing",
family = "Zhang",
role = c("aut", "cre"),
email = "zj391120@163.com"),
person(given = "Zhi",
family = "Jin",
role = "aut"))
as necessary.
Flavor: r-devel-linux-x86_64-debian-gcc
Version: 1.2.0.0
Check: LazyData
Result: NOTE
'LazyData' is specified without a 'data' directory
Flavors: r-oldrel-macos-arm64, r-oldrel-macos-x86_64, r-oldrel-windows-x86_64