Last updated on 2025-04-30 06:51:24 CEST.
Flavor | Version | Tinstall | Tcheck | Ttotal | Status | Flags |
---|---|---|---|---|---|---|
r-devel-linux-x86_64-debian-clang | 0.1.0 | 3.26 | 833.23 | 836.49 | NOTE | |
r-devel-linux-x86_64-debian-gcc | 0.1.0 | 2.46 | 442.37 | 444.83 | NOTE | |
r-devel-linux-x86_64-fedora-clang | 0.1.0 | 1415.62 | OK | |||
r-devel-linux-x86_64-fedora-gcc | 0.1.0 | 1384.02 | OK | |||
r-devel-windows-x86_64 | 0.1.0 | 5.00 | 655.00 | 660.00 | OK | |
r-patched-linux-x86_64 | 0.1.0 | 3.23 | 774.37 | 777.60 | OK | |
r-release-linux-x86_64 | 0.1.0 | 3.06 | 773.19 | 776.25 | OK | |
r-release-macos-arm64 | 0.1.0 | 292.00 | OK | |||
r-release-macos-x86_64 | 0.1.0 | 770.00 | OK | |||
r-release-windows-x86_64 | 0.1.0 | 4.00 | 646.00 | 650.00 | OK | |
r-oldrel-macos-arm64 | 0.1.0 | 236.00 | OK | |||
r-oldrel-macos-x86_64 | 0.1.0 | 480.00 | OK | |||
r-oldrel-windows-x86_64 | 0.1.0 | 5.00 | 905.00 | 910.00 | OK |
Version: 0.1.0
Check: examples
Result: NOTE
Examples with CPU (user + system) or elapsed time > 5s
user system elapsed
Tay 12.710 0.004 14.897
view_nn 11.425 0.162 13.765
Xpn 7.369 0.000 8.783
Sne 7.268 0.000 9.626
Flavor: r-devel-linux-x86_64-debian-clang
Version: 0.1.0
Check: examples
Result: NOTE
Examples with CPU (user + system) or elapsed time > 5s
user system elapsed
Tay 7.891 0.004 9.290
view_nn 5.767 0.261 7.690
Sne 4.497 0.004 5.140
Xpn 4.326 0.004 5.016
Flavor: r-devel-linux-x86_64-debian-gcc