Last updated on 2025-11-07 17:49:52 CET.
| Flavor | Version | Tinstall | Tcheck | Ttotal | Status | Flags |
|---|---|---|---|---|---|---|
| r-devel-linux-x86_64-debian-clang | 0.8-1 | 5.56 | 46.16 | 51.72 | NOTE | |
| r-devel-linux-x86_64-debian-gcc | 0.8-1 | 3.53 | 34.86 | 38.39 | NOTE | |
| r-devel-linux-x86_64-fedora-clang | 0.8-1 | 12.00 | 65.81 | 77.81 | NOTE | |
| r-devel-linux-x86_64-fedora-gcc | 0.8-1 | 13.00 | 62.26 | 75.26 | NOTE | |
| r-devel-windows-x86_64 | 0.8-1 | 7.00 | 60.00 | 67.00 | NOTE | |
| r-patched-linux-x86_64 | 0.8-1 | 5.67 | 43.98 | 49.65 | NOTE | |
| r-release-linux-x86_64 | 0.8-1 | 3.91 | 44.16 | 48.07 | NOTE | |
| r-release-macos-arm64 | 0.8-1 | 3.00 | 25.00 | 28.00 | NOTE | |
| r-release-macos-x86_64 | 0.8-1 | 5.00 | 43.00 | 48.00 | NOTE | |
| r-release-windows-x86_64 | 0.8-1 | 5.00 | 62.00 | 67.00 | NOTE | |
| r-oldrel-macos-arm64 | 0.8-1 | 2.00 | 23.00 | 25.00 | NOTE | |
| r-oldrel-macos-x86_64 | 0.8-1 | 7.00 | 43.00 | 50.00 | NOTE | |
| r-oldrel-windows-x86_64 | 0.8-1 | 8.00 | 73.00 | 81.00 | NOTE |
Version: 0.8-1
Check: Rd files
Result: NOTE
checkRd: (-1) anova.Rd:19: Lost braces
19 | Returns an object of class code{anova}. These objects represent
| ^
Flavors: r-devel-linux-x86_64-debian-clang, r-devel-linux-x86_64-debian-gcc, r-devel-linux-x86_64-fedora-clang, r-devel-linux-x86_64-fedora-gcc, r-devel-windows-x86_64, r-patched-linux-x86_64, r-release-linux-x86_64, r-release-macos-arm64, r-release-macos-x86_64, r-release-windows-x86_64, r-oldrel-macos-arm64, r-oldrel-macos-x86_64, r-oldrel-windows-x86_64