CRAN Package Check Results for Package nls2

Last updated on 2025-04-29 18:50:49 CEST.

Flavor Version Tinstall Tcheck Ttotal Status Flags
r-devel-linux-x86_64-debian-clang 0.3-4 2.49 27.17 29.66 NOTE
r-devel-linux-x86_64-debian-gcc 0.3-4 1.97 19.13 21.10 NOTE
r-devel-linux-x86_64-fedora-clang 0.3-4 47.09 OK
r-devel-linux-x86_64-fedora-gcc 0.3-4 43.39 OK
r-devel-windows-x86_64 0.3-4 4.00 46.00 50.00 OK
r-patched-linux-x86_64 0.3-4 2.28 25.27 27.55 OK
r-release-linux-x86_64 0.3-4 2.20 25.28 27.48 OK
r-release-macos-arm64 0.3-4 19.00 OK
r-release-macos-x86_64 0.3-4 35.00 OK
r-release-windows-x86_64 0.3-4 3.00 46.00 49.00 OK
r-oldrel-macos-arm64 0.3-4 24.00 OK
r-oldrel-macos-x86_64 0.3-4 64.00 OK
r-oldrel-windows-x86_64 0.3-4 4.00 51.00 55.00 OK

Check Details

Version: 0.3-4
Check: CRAN incoming feasibility
Result: NOTE Maintainer: ‘G. Grothendieck <ggrothendieck@gmail.com>’ No Authors@R field in DESCRIPTION. Please add one, modifying Authors@R: c(person(given = "G.", family = "Grothendieck", role = c("aut", "cre"), email = "ggrothendieck@gmail.com"), person(given = c("R", "Core"), family = "Team", role = "aut", comment = "nls")) as necessary. Flavors: r-devel-linux-x86_64-debian-clang, r-devel-linux-x86_64-debian-gcc

Version: 0.3-4
Check: examples
Result: NOTE Examples with CPU (user + system) or elapsed time > 5s user system elapsed nls2 6.405 0.003 7.801 Flavor: r-devel-linux-x86_64-debian-clang