Last updated on 2025-04-29 18:50:49 CEST.
Flavor | Version | Tinstall | Tcheck | Ttotal | Status | Flags |
---|---|---|---|---|---|---|
r-devel-linux-x86_64-debian-clang | 1.3.0 | 438.39 | 266.34 | 704.73 | OK | |
r-devel-linux-x86_64-debian-gcc | 1.3.0 | 281.93 | 189.64 | 471.57 | OK | |
r-devel-linux-x86_64-fedora-clang | 1.3.0 | 1315.19 | OK | |||
r-devel-linux-x86_64-fedora-gcc | 1.3.0 | 1206.73 | OK | |||
r-devel-windows-x86_64 | 1.3.0 | 506.00 | 283.00 | 789.00 | OK | |
r-patched-linux-x86_64 | 1.3.0 | 426.27 | 269.37 | 695.64 | OK | |
r-release-linux-x86_64 | 1.3.0 | 415.09 | 267.82 | 682.91 | OK | |
r-release-macos-arm64 | 1.3.0 | 256.00 | OK | |||
r-release-macos-x86_64 | 1.3.0 | 608.00 | OK | |||
r-release-windows-x86_64 | 1.3.0 | 509.00 | 281.00 | 790.00 | OK | |
r-oldrel-macos-arm64 | 1.3.0 | 237.00 | NOTE | |||
r-oldrel-macos-x86_64 | 1.3.0 | 593.00 | NOTE | |||
r-oldrel-windows-x86_64 | 1.3.0 | 584.00 | 344.00 | 928.00 | NOTE |
Version: 1.3.0
Check: installed package size
Result: NOTE
installed size is 44.3Mb
sub-directories of 1Mb or more:
CppCode 3.5Mb
R 9.1Mb
classic-bugs 1.5Mb
include 11.5Mb
libs 17.9Mb
Flavors: r-oldrel-macos-arm64, r-oldrel-macos-x86_64, r-oldrel-windows-x86_64