CRAN Package Check Results for Package neatStats

Last updated on 2025-05-02 06:49:40 CEST.

Flavor Version Tinstall Tcheck Ttotal Status Flags
r-devel-linux-x86_64-debian-clang 1.13.3 10.16 89.36 99.52 NOTE
r-devel-linux-x86_64-debian-gcc 1.13.3 7.11 62.45 69.56 NOTE
r-devel-linux-x86_64-fedora-clang 1.13.3 167.31 NOTE
r-devel-linux-x86_64-fedora-gcc 1.13.3 170.88 NOTE
r-devel-windows-x86_64 1.13.3 13.00 103.00 116.00 NOTE
r-patched-linux-x86_64 1.13.3 9.11 83.09 92.20 NOTE
r-release-linux-x86_64 NOTE
r-release-macos-arm64 1.13.3 48.00 NOTE
r-release-macos-x86_64 1.13.3 84.00 NOTE
r-release-windows-x86_64 1.13.3 11.00 103.00 114.00 NOTE
r-oldrel-macos-arm64 1.13.3 52.00 NOTE
r-oldrel-macos-x86_64 1.13.3 67.00 NOTE
r-oldrel-windows-x86_64 1.13.3 14.00 125.00 139.00 NOTE

Check Details

Version: 1.13.3
Check: Rd files
Result: NOTE checkRd: (-1) norm_tests.Rd:69: Lost braces 69 | Anderson-Darling test." See url{https://github.com/Lakens/perfect-t-test} for | ^ checkRd: (-1) t_neat.Rd:243: Lost braces 243 | Anderson-Darling test." See url{https://github.com/Lakens/perfect-t-test} for | ^ Flavors: r-devel-linux-x86_64-debian-clang, r-devel-linux-x86_64-debian-gcc, r-devel-linux-x86_64-fedora-clang, r-devel-linux-x86_64-fedora-gcc, r-devel-windows-x86_64, r-patched-linux-x86_64, r-release-linux-x86_64, r-release-macos-arm64, r-release-macos-x86_64, r-release-windows-x86_64, r-oldrel-macos-arm64, r-oldrel-macos-x86_64, r-oldrel-windows-x86_64

Version: 1.13.3
Check: Rd cross-references
Result: NOTE Found the following Rd file(s) with Rd \link{} targets missing package anchors: aggr_neat.Rd: data.table rbind_loop.Rd: data.table read_dir.Rd: data.table Please provide package anchors for all Rd \link{} targets not in the package itself and the base packages. Flavors: r-devel-linux-x86_64-debian-clang, r-devel-linux-x86_64-debian-gcc, r-devel-windows-x86_64, r-patched-linux-x86_64, r-release-linux-x86_64, r-release-windows-x86_64

Version: 1.13.3
Check: examples
Result: NOTE Examples with CPU (user + system) or elapsed time > 5s user system elapsed plot_neat 5.679 0.058 7.407 peek_neat 5.533 0.065 8.098 Flavor: r-devel-linux-x86_64-debian-clang