CRAN Package Check Results for Package navigation

Last updated on 2025-04-30 06:51:24 CEST.

Flavor Version Tinstall Tcheck Ttotal Status Flags
r-devel-linux-x86_64-debian-clang 0.0.1 60.73 161.39 222.12 NOTE
r-devel-linux-x86_64-debian-gcc 0.0.1 43.50 112.96 156.46 OK
r-devel-linux-x86_64-fedora-clang 0.0.1 368.91 OK
r-devel-linux-x86_64-fedora-gcc 0.0.1 373.83 OK
r-devel-windows-x86_64 0.0.1 70.00 195.00 265.00 OK
r-patched-linux-x86_64 0.0.1 58.77 159.47 218.24 OK
r-release-linux-x86_64 0.0.1 61.73 159.92 221.65 OK
r-release-macos-arm64 0.0.1 138.00 OK
r-release-macos-x86_64 0.0.1 221.00 OK
r-release-windows-x86_64 0.0.1 70.00 180.00 250.00 OK
r-oldrel-macos-arm64 0.0.1 107.00 NOTE
r-oldrel-macos-x86_64 0.0.1 146.00 NOTE
r-oldrel-windows-x86_64 0.0.1 83.00 245.00 328.00 NOTE

Check Details

Version: 0.0.1
Check: examples
Result: NOTE Examples with CPU (user + system) or elapsed time > 5s user system elapsed plot.coverage.stat 4.316 0.038 5.376 compute_nees 4.213 0.051 5.831 Flavor: r-devel-linux-x86_64-debian-clang

Version: 0.0.1
Check: installed package size
Result: NOTE installed size is 13.9Mb sub-directories of 1Mb or more: data 2.1Mb doc 6.5Mb libs 4.8Mb Flavors: r-oldrel-macos-arm64, r-oldrel-macos-x86_64, r-oldrel-windows-x86_64

Version: 0.0.1
Check: for GNU extensions in Makefiles
Result: NOTE GNU make is a SystemRequirements. Flavors: r-oldrel-macos-arm64, r-oldrel-macos-x86_64, r-oldrel-windows-x86_64