CRAN Package Check Results for Package mwshiny

Last updated on 2025-04-30 06:51:24 CEST.

Flavor Version Tinstall Tcheck Ttotal Status Flags
r-devel-linux-x86_64-debian-clang 2.1.0 3.34 37.86 41.20 OK
r-devel-linux-x86_64-debian-gcc 2.1.0 2.35 29.40 31.75 OK
r-devel-linux-x86_64-fedora-clang 2.1.0 65.07 OK
r-devel-linux-x86_64-fedora-gcc 2.1.0 75.94 OK
r-devel-windows-x86_64 2.1.0 5.00 61.00 66.00 OK
r-patched-linux-x86_64 2.1.0 3.03 36.34 39.37 OK
r-release-linux-x86_64 2.1.0 3.15 36.26 39.41 OK
r-release-macos-arm64 2.1.0 46.00 OK
r-release-macos-x86_64 2.1.0 88.00 OK
r-release-windows-x86_64 2.1.0 5.00 59.00 64.00 OK
r-oldrel-macos-arm64 2.1.0 32.00 NOTE
r-oldrel-macos-x86_64 2.1.0 45.00 NOTE
r-oldrel-windows-x86_64 2.1.0 5.00 65.00 70.00 NOTE

Check Details

Version: 2.1.0
Check: LazyData
Result: NOTE 'LazyData' is specified without a 'data' directory Flavors: r-oldrel-macos-arm64, r-oldrel-macos-x86_64, r-oldrel-windows-x86_64