Last updated on 2025-10-30 17:50:06 CET.
| Flavor | Version | Tinstall | Tcheck | Ttotal | Status | Flags | 
|---|---|---|---|---|---|---|
| r-devel-linux-x86_64-debian-clang | 1.0.1 | 43.08 | 62.70 | 105.78 | NOTE | |
| r-devel-linux-x86_64-debian-gcc | 1.0.1 | 27.98 | 45.26 | 73.24 | NOTE | |
| r-devel-linux-x86_64-fedora-clang | 1.0.1 | 74.00 | 111.31 | 185.31 | OK | |
| r-devel-linux-x86_64-fedora-gcc | 1.0.1 | 71.00 | 93.93 | 164.93 | OK | |
| r-devel-windows-x86_64 | 1.0.1 | 51.00 | 87.00 | 138.00 | OK | |
| r-patched-linux-x86_64 | 1.0.1 | 43.01 | 58.36 | 101.37 | OK | |
| r-release-linux-x86_64 | 1.0.1 | 41.33 | 58.04 | 99.37 | OK | |
| r-release-macos-arm64 | 1.0.1 | 18.00 | 30.00 | 48.00 | OK | |
| r-release-macos-x86_64 | 1.0.1 | 17.00 | 40.00 | 57.00 | OK | |
| r-release-windows-x86_64 | 1.0.1 | 53.00 | 89.00 | 142.00 | OK | |
| r-oldrel-macos-arm64 | 1.0.1 | 17.00 | 23.00 | 40.00 | OK | |
| r-oldrel-macos-x86_64 | 1.0.1 | 16.00 | 35.00 | 51.00 | OK | |
| r-oldrel-windows-x86_64 | 1.0.1 | 62.00 | 108.00 | 170.00 | OK | 
Version: 1.0.1
Check: CRAN incoming feasibility
Result: NOTE
  Maintainer: ‘Hesen Li <li.hesen.21@gmail.com>’
  
  No Authors@R field in DESCRIPTION.
  Please add one, modifying
    Authors@R: person(given = "Hesen",
                      family = "Li",
                      role = c("aut", "cre"),
                      email = "li.hesen.21@gmail.com")
  as necessary.
Flavors: r-devel-linux-x86_64-debian-clang, r-devel-linux-x86_64-debian-gcc