CRAN Package Check Results for Package modnets

Last updated on 2025-04-29 18:50:48 CEST.

Flavor Version Tinstall Tcheck Ttotal Status Flags
r-devel-linux-x86_64-debian-clang 0.9.0 32.88 189.27 222.15 NOTE
r-devel-linux-x86_64-debian-gcc 0.9.0 19.75 126.26 146.01 NOTE
r-devel-linux-x86_64-fedora-clang 0.9.0 341.20 OK
r-devel-linux-x86_64-fedora-gcc 0.9.0 332.08 OK
r-devel-windows-x86_64 0.9.0 31.00 186.00 217.00 OK
r-patched-linux-x86_64 0.9.0 30.55 181.95 212.50 OK
r-release-linux-x86_64 0.9.0 26.24 183.20 209.44 OK
r-release-macos-arm64 0.9.0 107.00 OK
r-release-macos-x86_64 0.9.0 217.00 OK
r-release-windows-x86_64 0.9.0 31.00 188.00 219.00 OK
r-oldrel-macos-arm64 0.9.0 75.00 OK
r-oldrel-macos-x86_64 0.9.0 126.00 OK
r-oldrel-windows-x86_64 0.9.0 42.00 253.00 295.00 OK

Check Details

Version: 0.9.0
Check: examples
Result: NOTE Examples with CPU (user + system) or elapsed time > 5s user system elapsed simNet 5.867 0.026 8.017 Flavor: r-devel-linux-x86_64-debian-clang

Version: 0.9.0
Check: examples
Result: NOTE Examples with CPU (user + system) or elapsed time > 5s user system elapsed simNet 3.23 0.051 5.154 Flavor: r-devel-linux-x86_64-debian-gcc