Last updated on 2025-11-08 17:49:42 CET.
| Flavor | Version | Tinstall | Tcheck | Ttotal | Status | Flags |
|---|---|---|---|---|---|---|
| r-devel-linux-x86_64-debian-clang | 4.3.12 | 311.42 | 66.53 | 377.95 | OK | |
| r-devel-linux-x86_64-debian-gcc | 4.3.12 | 239.23 | 48.26 | 287.49 | OK | |
| r-devel-linux-x86_64-fedora-clang | 4.3.12 | 720.00 | 62.62 | 782.62 | OK | |
| r-devel-linux-x86_64-fedora-gcc | 4.3.12 | 780.00 | -25.79 | 754.21 | OK | |
| r-patched-linux-x86_64 | 4.3.12 | 338.56 | 62.59 | 401.15 | OK | |
| r-release-linux-x86_64 | 4.3.12 | 336.09 | 62.07 | 398.16 | OK | |
| r-release-macos-arm64 | 4.3.12 | 118.00 | 41.00 | 159.00 | OK | |
| r-release-macos-x86_64 | 4.3.12 | 109.00 | 68.00 | 177.00 | OK | |
| r-oldrel-macos-arm64 | 4.3.12 | 125.00 | 88.00 | 213.00 | NOTE | |
| r-oldrel-macos-x86_64 | 4.3.12 | 91.00 | 89.00 | 180.00 | NOTE |
Version: 4.3.12
Check: installed package size
Result: NOTE
installed size is 24.1Mb
sub-directories of 1Mb or more:
libs 22.8Mb
Flavors: r-oldrel-macos-arm64, r-oldrel-macos-x86_64