CRAN Package Check Results for Package mirtjml

Last updated on 2025-11-03 17:49:55 CET.

Flavor Version Tinstall Tcheck Ttotal Status Flags
r-devel-linux-x86_64-debian-clang 1.4.0 37.62 28.35 65.97 WARN
r-devel-linux-x86_64-debian-gcc 1.4.0 25.46 22.54 48.00 WARN
r-devel-linux-x86_64-fedora-clang 1.4.0 82.00 44.79 126.79 NOTE
r-devel-linux-x86_64-fedora-gcc 1.4.0 42.00 72.62 114.62 NOTE
r-devel-windows-x86_64 1.4.0 48.00 68.00 116.00 NOTE
r-patched-linux-x86_64 1.4.0 42.70 26.75 69.45 NOTE
r-release-linux-x86_64 1.4.0 42.60 26.87 69.47 NOTE
r-release-macos-arm64 1.4.0 14.00 20.00 34.00 NOTE
r-release-macos-x86_64 1.4.0 16.00 41.00 57.00 NOTE
r-release-windows-x86_64 1.4.0 45.00 69.00 114.00 NOTE
r-oldrel-macos-arm64 1.4.0 16.00 18.00 34.00 NOTE
r-oldrel-macos-x86_64 1.4.0 15.00 24.00 39.00 NOTE
r-oldrel-windows-x86_64 1.4.0 58.00 89.00 147.00 NOTE

Check Details

Version: 1.4.0
Check: whether package can be installed
Result: WARN Found the following significant warnings: /home/hornik/tmp/R.check/r-devel-clang/Work/build/Packages/RcppArmadillo/include/RcppArmadillo/version/arma.h:66:17: warning: Using fallback compilation with Armadillo 14.6.3. Please consider defining -DARMA_USE_CURRENT and also removing C++11 compilation directive. See GitHub issue #475 for more. [-W#pragma-messages] See ‘/home/hornik/tmp/R.check/r-devel-clang/Work/PKGS/mirtjml.Rcheck/00install.out’ for details. * used C++ compiler: ‘Debian clang version 19.1.7 (7)’ Flavor: r-devel-linux-x86_64-debian-clang

Version: 1.4.0
Check: C++ specification
Result: NOTE Specified C++11: please drop specification unless essential Flavors: r-devel-linux-x86_64-debian-clang, r-devel-linux-x86_64-debian-gcc, r-devel-linux-x86_64-fedora-clang, r-devel-linux-x86_64-fedora-gcc, r-devel-windows-x86_64, r-patched-linux-x86_64, r-release-linux-x86_64, r-release-macos-arm64, r-release-macos-x86_64, r-release-windows-x86_64, r-oldrel-macos-arm64, r-oldrel-macos-x86_64, r-oldrel-windows-x86_64

Version: 1.4.0
Check: package subdirectories
Result: NOTE Problems with news in ‘NEWS.md’: No news entries found. Flavors: r-devel-linux-x86_64-debian-clang, r-devel-linux-x86_64-debian-gcc, r-devel-linux-x86_64-fedora-clang, r-devel-linux-x86_64-fedora-gcc, r-devel-windows-x86_64, r-patched-linux-x86_64, r-release-linux-x86_64, r-release-macos-arm64, r-release-macos-x86_64, r-release-windows-x86_64, r-oldrel-macos-arm64, r-oldrel-macos-x86_64, r-oldrel-windows-x86_64

Version: 1.4.0
Check: whether package can be installed
Result: WARN Found the following significant warnings: /home/hornik/tmp/R.check/r-devel-gcc/Work/build/Packages/RcppArmadillo/include/RcppArmadillo/version/arma.h:66:199: note: ‘#pragma message: Using fallback compilation with Armadillo 14.6.3. Please consider defining -DARMA_USE_CURRENT and also removing C++11 compilation directive. See GitHub issue #475 for more.’ See ‘/home/hornik/tmp/R.check/r-devel-gcc/Work/PKGS/mirtjml.Rcheck/00install.out’ for details. * used C++ compiler: ‘g++-15 (Debian 15.2.0-7) 15.2.0’ Flavor: r-devel-linux-x86_64-debian-gcc