Last updated on 2025-04-29 18:50:48 CEST.
Flavor | Version | Tinstall | Tcheck | Ttotal | Status | Flags |
---|---|---|---|---|---|---|
r-devel-linux-x86_64-debian-clang | 0.3.1 | 1.99 | 26.61 | 28.60 | NOTE | |
r-devel-linux-x86_64-debian-gcc | 0.3.1 | 1.67 | 21.59 | 23.26 | NOTE | |
r-devel-linux-x86_64-fedora-clang | 0.3.1 | 40.98 | OK | |||
r-devel-linux-x86_64-fedora-gcc | 0.3.1 | 41.05 | OK | |||
r-devel-windows-x86_64 | 0.3.1 | 4.00 | 59.00 | 63.00 | OK | |
r-patched-linux-x86_64 | 0.3.1 | 2.55 | 23.88 | 26.43 | OK | |
r-release-linux-x86_64 | 0.3.1 | 1.82 | 23.99 | 25.81 | OK | |
r-release-macos-arm64 | 0.3.1 | 19.00 | OK | |||
r-release-macos-x86_64 | 0.3.1 | 32.00 | OK | |||
r-release-windows-x86_64 | 0.3.1 | 3.00 | 53.00 | 56.00 | OK | |
r-oldrel-macos-arm64 | 0.3.1 | 20.00 | OK | |||
r-oldrel-macos-x86_64 | 0.3.1 | 28.00 | OK | |||
r-oldrel-windows-x86_64 | 0.3.1 | 3.00 | 49.00 | 52.00 | OK |
Version: 0.3.1
Check: CRAN incoming feasibility
Result: NOTE
Maintainer: ‘Gergely Daróczi <daroczig@rapporter.net>’
No Authors@R field in DESCRIPTION.
Please add one, modifying
Authors@R: c(person(given = "Lajos",
family = "Bálint",
role = "aut",
email = "balint@demografia.hu"),
person(given = "Gergely",
family = "Daróczi",
role = c("aut", "cre"),
email = "daroczig@rapporter.net"))
as necessary.
Package CITATION file contains call(s) to old-style citEntry(). Please
use bibentry() instead.
Flavors: r-devel-linux-x86_64-debian-clang, r-devel-linux-x86_64-debian-gcc