Last updated on 2025-04-29 18:50:47 CEST.
Flavor | Version | Tinstall | Tcheck | Ttotal | Status | Flags |
---|---|---|---|---|---|---|
r-devel-linux-x86_64-debian-clang | 0.1-4 | 8.54 | 61.34 | 69.88 | NOTE | |
r-devel-linux-x86_64-debian-gcc | 0.1-4 | 5.77 | 45.76 | 51.53 | NOTE | |
r-devel-linux-x86_64-fedora-clang | 0.1-4 | 108.82 | OK | |||
r-devel-linux-x86_64-fedora-gcc | 0.1-4 | 109.78 | OK | |||
r-devel-windows-x86_64 | 0.1-4 | 9.00 | 71.00 | 80.00 | OK | |
r-patched-linux-x86_64 | 0.1-4 | 7.17 | 59.68 | 66.85 | OK | |
r-release-linux-x86_64 | 0.1-4 | 7.65 | 59.33 | 66.98 | OK | |
r-release-macos-arm64 | 0.1-4 | 36.00 | OK | |||
r-release-macos-x86_64 | 0.1-4 | 63.00 | OK | |||
r-release-windows-x86_64 | 0.1-4 | 8.00 | 74.00 | 82.00 | OK | |
r-oldrel-macos-arm64 | 0.1-4 | 34.00 | OK | |||
r-oldrel-macos-x86_64 | 0.1-4 | 49.00 | OK | |||
r-oldrel-windows-x86_64 | 0.1-4 | 11.00 | 83.00 | 94.00 | OK |
Version: 0.1-4
Check: CRAN incoming feasibility
Result: NOTE
Maintainer: ‘Cai Li <cai.li.stats@gmail.com>’
No Authors@R field in DESCRIPTION.
Please add one, modifying
Authors@R: c(person(given = "Cai",
family = "Li",
role = c("aut", "cre"),
email = "cai.li.stats@gmail.com"),
person(given = "Luo",
family = "Xiao",
role = "aut"))
as necessary.
Flavors: r-devel-linux-x86_64-debian-clang, r-devel-linux-x86_64-debian-gcc
Version: 0.1-4
Check: examples
Result: NOTE
Examples with CPU (user + system) or elapsed time > 5s
user system elapsed
mface.sparse 4.892 0.083 5.867
Flavor: r-devel-linux-x86_64-debian-clang