Last updated on 2025-10-09 18:49:51 CEST.
Flavor | Version | Tinstall | Tcheck | Ttotal | Status | Flags |
---|---|---|---|---|---|---|
r-devel-linux-x86_64-debian-clang | 1.0.0 | 3.85 | 51.65 | 55.50 | OK | |
r-devel-linux-x86_64-debian-gcc | 1.0.0 | 2.54 | 37.17 | 39.71 | OK | |
r-devel-linux-x86_64-fedora-clang | 1.0.0 | 87.69 | OK | |||
r-devel-linux-x86_64-fedora-gcc | 1.0.0 | 78.63 | OK | |||
r-devel-windows-x86_64 | 1.0.0 | 6.00 | 72.00 | 78.00 | OK | |
r-patched-linux-x86_64 | 1.0.0 | 5.00 | 48.11 | 53.11 | OK | |
r-release-linux-x86_64 | 1.0.0 | 4.03 | 47.96 | 51.99 | OK | |
r-release-macos-arm64 | 1.0.0 | 23.00 | OK | |||
r-release-macos-x86_64 | 1.0.0 | 46.00 | OK | |||
r-release-windows-x86_64 | 1.0.0 | 6.00 | 72.00 | 78.00 | OK | |
r-oldrel-macos-arm64 | 1.0.0 | 24.00 | NOTE | |||
r-oldrel-macos-x86_64 | 1.0.0 | 43.00 | NOTE | |||
r-oldrel-windows-x86_64 | 1.0.0 | 7.00 | 88.00 | 95.00 | NOTE |
Version: 1.0.0
Check: LazyData
Result: NOTE
'LazyData' is specified without a 'data' directory
Flavors: r-oldrel-macos-arm64, r-oldrel-macos-x86_64, r-oldrel-windows-x86_64