CRAN Package Check Results for Package metaheuristicOpt

Last updated on 2025-04-29 18:50:47 CEST.

Flavor Version Tinstall Tcheck Ttotal Status Flags
r-devel-linux-x86_64-debian-clang 2.0.0 4.78 51.21 55.99 NOTE
r-devel-linux-x86_64-debian-gcc 2.0.0 3.30 33.37 36.67 OK
r-devel-linux-x86_64-fedora-clang 2.0.0 92.36 OK
r-devel-linux-x86_64-fedora-gcc 2.0.0 85.22 OK
r-devel-windows-x86_64 2.0.0 5.00 65.00 70.00 OK
r-patched-linux-x86_64 2.0.0 5.73 48.88 54.61 OK
r-release-linux-x86_64 2.0.0 4.77 47.94 52.71 OK
r-release-macos-arm64 2.0.0 22.00 OK
r-release-macos-x86_64 2.0.0 45.00 OK
r-release-windows-x86_64 2.0.0 8.00 66.00 74.00 OK
r-oldrel-macos-arm64 2.0.0 23.00 NOTE
r-oldrel-macos-x86_64 2.0.0 37.00 NOTE
r-oldrel-windows-x86_64 2.0.0 6.00 60.00 66.00 NOTE

Check Details

Version: 2.0.0
Check: examples
Result: NOTE Examples with CPU (user + system) or elapsed time > 5s user system elapsed CSO 5.656 0.004 7.802 Flavor: r-devel-linux-x86_64-debian-clang

Version: 2.0.0
Check: LazyData
Result: NOTE 'LazyData' is specified without a 'data' directory Flavors: r-oldrel-macos-arm64, r-oldrel-macos-x86_64, r-oldrel-windows-x86_64