Last updated on 2025-04-29 18:50:47 CEST.
Flavor | Version | Tinstall | Tcheck | Ttotal | Status | Flags |
---|---|---|---|---|---|---|
r-devel-linux-x86_64-debian-clang | 3.0 | 9.78 | 79.01 | 88.79 | NOTE | |
r-devel-linux-x86_64-debian-gcc | 3.0 | 7.24 | 59.15 | 66.39 | NOTE | |
r-devel-linux-x86_64-fedora-clang | 3.0 | 137.73 | OK | |||
r-devel-linux-x86_64-fedora-gcc | 3.0 | 137.55 | OK | |||
r-devel-windows-x86_64 | 3.0 | 11.00 | 96.00 | 107.00 | OK | |
r-patched-linux-x86_64 | 3.0 | 9.76 | 77.36 | 87.12 | OK | |
r-release-linux-x86_64 | 3.0 | 8.03 | 75.10 | 83.13 | OK | |
r-release-macos-arm64 | 3.0 | 44.00 | OK | |||
r-release-macos-x86_64 | 3.0 | 74.00 | OK | |||
r-release-windows-x86_64 | 3.0 | 9.00 | 102.00 | 111.00 | OK | |
r-oldrel-macos-arm64 | 3.0 | 41.00 | OK | |||
r-oldrel-macos-x86_64 | 3.0 | 59.00 | OK | |||
r-oldrel-windows-x86_64 | 3.0 | 13.00 | 118.00 | 131.00 | OK |
Version: 3.0
Check: CRAN incoming feasibility
Result: NOTE
Maintainer: ‘Richard A. Bilonick <rabilonick@gmail.com>’
No Authors@R field in DESCRIPTION.
Please add one, modifying
Authors@R: person(given = c("Richard", "A."),
family = "Bilonick",
role = c("aut", "cre"),
email = "rabilonick@gmail.com")
as necessary.
Flavors: r-devel-linux-x86_64-debian-clang, r-devel-linux-x86_64-debian-gcc