Last updated on 2025-04-30 06:51:22 CEST.
Flavor | Version | Tinstall | Tcheck | Ttotal | Status | Flags |
---|---|---|---|---|---|---|
r-devel-linux-x86_64-debian-clang | 0.2.0 | 19.88 | 293.22 | 313.10 | NOTE | |
r-devel-linux-x86_64-debian-gcc | 0.2.0 | 12.99 | 171.22 | 184.21 | OK | |
r-devel-linux-x86_64-fedora-clang | 0.2.0 | 520.97 | OK | |||
r-devel-linux-x86_64-fedora-gcc | 0.2.0 | 501.63 | OK | |||
r-devel-windows-x86_64 | 0.2.0 | 17.00 | 253.00 | 270.00 | OK | |
r-patched-linux-x86_64 | 0.2.0 | 18.39 | 275.14 | 293.53 | OK | |
r-release-linux-x86_64 | 0.2.0 | 18.05 | 274.55 | 292.60 | OK | |
r-release-macos-arm64 | 0.2.0 | 117.00 | OK | |||
r-release-macos-x86_64 | 0.2.0 | 261.00 | OK | |||
r-release-windows-x86_64 | 0.2.0 | 19.00 | 251.00 | 270.00 | OK | |
r-oldrel-macos-arm64 | 0.2.0 | 112.00 | OK | |||
r-oldrel-macos-x86_64 | 0.2.0 | 268.00 | OK | |||
r-oldrel-windows-x86_64 | 0.2.0 | 23.00 | 346.00 | 369.00 | OK |
Version: 0.2.0
Check: examples
Result: NOTE
Examples with CPU (user + system) or elapsed time > 5s
user system elapsed
Selected.GEE 7.730 0.00 8.911
Modified.GMM 4.634 0.01 5.343
Flavor: r-devel-linux-x86_64-debian-clang