CRAN Package Check Results for Package mappoly

Last updated on 2025-04-29 06:49:47 CEST.

Flavor Version Tinstall Tcheck Ttotal Status Flags
r-devel-linux-x86_64-debian-clang 0.4.1 136.13 295.69 431.82 OK
r-devel-linux-x86_64-debian-gcc 0.4.1 104.43 222.76 327.19 NOTE
r-devel-linux-x86_64-fedora-clang 0.4.1 813.76 OK
r-devel-linux-x86_64-fedora-gcc 0.4.1 817.64 OK
r-devel-windows-x86_64 0.4.1 167.00 313.00 480.00 OK
r-patched-linux-x86_64 0.4.1 140.43 288.69 429.12 OK
r-release-linux-x86_64 0.4.1 116.31 284.71 401.02 OK
r-release-macos-arm64 0.4.1 276.00 OK
r-release-macos-x86_64 0.4.1 360.00 OK
r-release-windows-x86_64 0.4.1 150.00 292.00 442.00 OK
r-oldrel-macos-arm64 0.4.1 40.00 ERROR
r-oldrel-macos-x86_64 0.4.1 198.00 NOTE
r-oldrel-windows-x86_64 0.4.1 174.00 397.00 571.00 NOTE

Check Details

Version: 0.4.1
Check: examples
Result: NOTE Examples with CPU (user + system) or elapsed time > 5s user system elapsed est_rf_hmm 7.754 0.062 9.093 plot_progeny_dosage_change 4.234 1.963 6.527 calc_genoprob_single_parent 4.549 0.675 6.510 plot_genome_vs_map 4.476 0.460 5.887 Flavor: r-devel-linux-x86_64-debian-gcc

Version: 0.4.1
Check: whether package can be installed
Result: ERROR Installation failed. Flavor: r-oldrel-macos-arm64

Version: 0.4.1
Check: installed package size
Result: NOTE installed size is 12.5Mb sub-directories of 1Mb or more: R 2.8Mb data 3.0Mb libs 4.8Mb Flavors: r-oldrel-macos-x86_64, r-oldrel-windows-x86_64

Version: 0.4.1
Check: for GNU extensions in Makefiles
Result: NOTE GNU make is a SystemRequirements. Flavors: r-oldrel-macos-x86_64, r-oldrel-windows-x86_64