Last updated on 2025-11-04 05:51:15 CET.
| Flavor | Version | Tinstall | Tcheck | Ttotal | Status | Flags | 
|---|---|---|---|---|---|---|
| r-devel-linux-x86_64-debian-clang | 1.0.0 | 64.44 | 91.08 | 155.52 | OK | |
| r-devel-linux-x86_64-debian-gcc | 1.0.0 | 47.27 | 68.94 | 116.21 | OK | |
| r-devel-linux-x86_64-fedora-clang | 1.0.0 | 103.00 | 149.94 | 252.94 | OK | |
| r-devel-linux-x86_64-fedora-gcc | 1.0.0 | 98.00 | 165.65 | 263.65 | OK | |
| r-devel-windows-x86_64 | 1.0.0 | 74.00 | 123.00 | 197.00 | OK | |
| r-patched-linux-x86_64 | 1.0.0 | 73.66 | 84.99 | 158.65 | OK | |
| r-release-linux-x86_64 | 1.0.0 | 68.91 | 84.38 | 153.29 | OK | |
| r-release-macos-arm64 | 1.0.0 | 34.00 | 60.00 | 94.00 | OK | |
| r-release-macos-x86_64 | 1.0.0 | 35.00 | 89.00 | 124.00 | OK | |
| r-release-windows-x86_64 | 1.0.0 | 73.00 | 122.00 | 195.00 | OK | |
| r-oldrel-macos-arm64 | 1.0.0 | 29.00 | 39.00 | 68.00 | NOTE | |
| r-oldrel-macos-x86_64 | 1.0.0 | 29.00 | 63.00 | 92.00 | NOTE | |
| r-oldrel-windows-x86_64 | 1.0.0 | 89.00 | 156.00 | 245.00 | OK | 
Version: 1.0.0
Check: installed package size
Result: NOTE
    installed size is  5.8Mb
    sub-directories of 1Mb or more:
      libs   5.1Mb
Flavors: r-oldrel-macos-arm64, r-oldrel-macos-x86_64