CRAN Package Check Results for Package malani

Last updated on 2025-04-29 18:50:47 CEST.

Flavor Version Tinstall Tcheck Ttotal Status Flags
r-devel-linux-x86_64-debian-clang 1.0 1.52 27.28 28.80 NOTE
r-devel-linux-x86_64-debian-gcc 1.0 1.43 20.70 22.13 NOTE
r-devel-linux-x86_64-fedora-clang 1.0 45.91 OK
r-devel-linux-x86_64-fedora-gcc 1.0 44.68 OK
r-devel-windows-x86_64 1.0 3.00 49.00 52.00 OK
r-patched-linux-x86_64 1.0 1.82 26.55 28.37 OK
r-release-linux-x86_64 1.0 1.65 26.37 28.02 OK
r-release-macos-arm64 1.0 27.00 OK
r-release-macos-x86_64 1.0 29.00 OK
r-release-windows-x86_64 1.0 3.00 49.00 52.00 OK
r-oldrel-macos-arm64 1.0 20.00 OK
r-oldrel-macos-x86_64 1.0 26.00 OK
r-oldrel-windows-x86_64 1.0 3.00 52.00 55.00 OK

Check Details

Version: 1.0
Check: CRAN incoming feasibility
Result: NOTE Maintainer: ‘Mehrab Ghanat Bari <m.ghanatbari@gmail.com>’ No Authors@R field in DESCRIPTION. Please add one, modifying Authors@R: person(given = c("Mehrab", "Ghanat"), family = "Bari", role = c("aut", "cre"), email = "m.ghanatbari@gmail.com") as necessary. Flavors: r-devel-linux-x86_64-debian-clang, r-devel-linux-x86_64-debian-gcc

Version: 1.0
Check: examples
Result: NOTE Examples with CPU (user + system) or elapsed time > 5s user system elapsed intGenes 7.675 0.099 8.882 Flavor: r-devel-linux-x86_64-debian-clang

Version: 1.0
Check: examples
Result: NOTE Examples with CPU (user + system) or elapsed time > 5s user system elapsed intGenes 4.482 0.001 5.746 Flavor: r-devel-linux-x86_64-debian-gcc