CRAN Package Check Results for Package makeFlow

Last updated on 2025-04-29 18:50:47 CEST.

Flavor Version Tinstall Tcheck Ttotal Status Flags
r-devel-linux-x86_64-debian-clang 1.0.2 3.22 20.42 23.64 NOTE
r-devel-linux-x86_64-debian-gcc 1.0.2 1.94 16.57 18.51 NOTE
r-devel-linux-x86_64-fedora-clang 1.0.2 36.45 OK
r-devel-linux-x86_64-fedora-gcc 1.0.2 34.74 OK
r-devel-windows-x86_64 1.0.2 4.00 42.00 46.00 OK
r-patched-linux-x86_64 1.0.2 3.05 19.67 22.72 OK
r-release-linux-x86_64 1.0.2 2.73 19.62 22.35 OK
r-release-macos-arm64 1.0.2 21.00 OK
r-release-macos-x86_64 1.0.2 25.00 OK
r-release-windows-x86_64 1.0.2 5.00 50.00 55.00 OK
r-oldrel-macos-arm64 1.0.2 16.00 OK
r-oldrel-macos-x86_64 1.0.2 24.00 OK
r-oldrel-windows-x86_64 1.0.2 5.00 46.00 51.00 OK

Check Details

Version: 1.0.2
Check: CRAN incoming feasibility
Result: NOTE Maintainer: ‘Alex J. Krebs <Krebs.AlexJ@gmail.com>’ No Authors@R field in DESCRIPTION. Please add one, modifying Authors@R: person(given = c("Alex", "J."), family = "Krebs", role = c("aut", "cre"), email = "krebs.alexj@gmail.com") as necessary. Flavors: r-devel-linux-x86_64-debian-clang, r-devel-linux-x86_64-debian-gcc